CRAN Package Check Results for Package SSN

Last updated on 2021-09-25 22:54:21 CEST.

Flavor Version Tinstall Tcheck Ttotal Status Flags
r-devel-linux-x86_64-debian-clang 1.1.15 20.83 199.67 220.50 OK
r-devel-linux-x86_64-debian-gcc 1.1.15 15.95 155.31 171.26 OK
r-devel-linux-x86_64-fedora-clang 1.1.15 294.56 OK
r-devel-linux-x86_64-fedora-gcc 1.1.15 275.23 OK
r-devel-windows-x86_64 1.1.15 30.00 209.00 239.00 OK
r-devel-windows-x86_64-gcc10-UCRT 1.1.15 OK
r-patched-linux-x86_64 1.1.15 25.20 194.26 219.46 OK
r-patched-solaris-x86 1.1.15 398.60 NOTE
r-release-linux-x86_64 1.1.15 20.47 192.45 212.92 OK
r-release-macos-arm64 1.1.15 OK
r-release-macos-x86_64 1.1.15 OK
r-release-windows-ix86+x86_64 1.1.15 65.00 431.00 496.00 OK
r-oldrel-macos-x86_64 1.1.15 OK
r-oldrel-windows-ix86+x86_64 1.1.15 39.00 272.00 311.00 OK

Check Details

Version: 1.1.15
Check: installed package size
Result: NOTE
     installed size is 5.4Mb
     sub-directories of 1Mb or more:
     lsndata 2.9Mb
Flavor: r-patched-solaris-x86