CRAN Package Check Results for Package SSN

Last updated on 2019-07-17 22:54:41 CEST.

Flavor Version Tinstall Tcheck Ttotal Status Flags
r-devel-linux-x86_64-debian-clang 1.1.13 16.96 180.92 197.88 OK
r-devel-linux-x86_64-debian-gcc 1.1.13 16.83 145.56 162.39 WARN
r-devel-linux-x86_64-fedora-clang 1.1.13 238.29 OK
r-devel-linux-x86_64-fedora-gcc 1.1.13 235.44 WARN
r-devel-windows-ix86+x86_64 1.1.13 56.00 286.00 342.00 OK
r-patched-linux-x86_64 1.1.13 18.52 177.39 195.91 WARN
r-patched-solaris-x86 1.1.13 360.30 NOTE
r-release-linux-x86_64 1.1.13 18.16 178.89 197.05 WARN
r-release-windows-ix86+x86_64 1.1.13 42.00 388.00 430.00 OK
r-release-osx-x86_64 1.1.13 OK
r-oldrel-windows-ix86+x86_64 1.1.13 31.00 361.00 392.00 OK
r-oldrel-osx-x86_64 1.1.13 OK

Check Details

Version: 1.1.13
Check: whether package can be installed
Result: WARN
    Found the following significant warnings:
     dbfopenSSN.c:1119:6: warning: ‘strncpy’ output may be truncated copying between 0 and 399 bytes from a string of length 399 [-Wstringop-truncation]
     dbfopenSSN.c:1100:6: warning: ‘strncpy’ output may be truncated copying between 0 and 399 bytes from a string of length 399 [-Wstringop-truncation]
     dbfopenSSN.c:663:2: warning: ‘strncpy’ output truncated before terminating nul copying as many bytes from a string as its length [-Wstringop-truncation]
     dbfopenSSN.c:1511:2: warning: ‘strncpy’ output may be truncated copying 11 bytes from a string of length 11 [-Wstringop-truncation]
Flavors: r-devel-linux-x86_64-debian-gcc, r-devel-linux-x86_64-fedora-gcc, r-patched-linux-x86_64, r-release-linux-x86_64

Version: 1.1.13
Check: installed package size
Result: NOTE
     installed size is 5.4Mb
     sub-directories of 1Mb or more:
     lsndata 2.9Mb
Flavor: r-patched-solaris-x86