CRAN Package Check Results for Package SSNbayes

Last updated on 2023-09-28 23:08:59 CEST.

Flavor Version Tinstall Tcheck Ttotal Status Flags
r-devel-linux-x86_64-debian-clang 0.0.2 35.67 312.71 348.38 OK
r-devel-linux-x86_64-debian-gcc 0.0.2 27.34 228.54 255.88 OK
r-devel-linux-x86_64-fedora-clang 0.0.2 421.31 NOTE
r-devel-linux-x86_64-fedora-gcc 0.0.2 413.98 OK
r-devel-windows-x86_64 0.0.2 30.00 243.00 273.00 OK
r-patched-linux-x86_64 0.0.2 30.01 295.30 325.31 OK
r-release-linux-x86_64 0.0.2 22.46 291.02 313.48 OK
r-release-macos-arm64 0.0.2 83.00 OK
r-release-macos-x86_64 0.0.2 138.00 OK
r-release-windows-x86_64 0.0.2 39.00 299.00 338.00 OK
r-oldrel-macos-arm64 0.0.2 67.00 OK
r-oldrel-macos-x86_64 0.0.2 97.00 OK
r-oldrel-windows-x86_64 0.0.2 42.00 297.00 339.00 OK

Check Details

Version: 0.0.2
Check: installed package size
Result: NOTE
     installed size is 5.0Mb
     sub-directories of 1Mb or more:
     extdata 4.2Mb
Flavor: r-devel-linux-x86_64-fedora-clang