Last updated on 2024-03-28 23:01:59 CET.
Flavor | Version | Tinstall | Tcheck | Ttotal | Status | Flags |
---|---|---|---|---|---|---|
r-devel-linux-x86_64-debian-clang | 0.0.3 | 41.05 | 218.22 | 259.27 | OK | |
r-devel-linux-x86_64-debian-gcc | 0.0.3 | 28.31 | 160.74 | 189.05 | OK | |
r-devel-linux-x86_64-fedora-clang | 0.0.3 | 316.54 | NOTE | |||
r-devel-linux-x86_64-fedora-gcc | 0.0.3 | 301.28 | OK | |||
r-devel-windows-x86_64 | 0.0.3 | 22.00 | 145.00 | 167.00 | OK | |
r-patched-linux-x86_64 | 0.0.3 | 26.65 | 209.14 | 235.79 | OK | |
r-release-linux-x86_64 | 0.0.3 | 24.21 | 207.94 | 232.15 | OK | |
r-release-macos-arm64 | 0.0.3 | 87.00 | OK | |||
r-release-macos-x86_64 | 0.0.3 | 172.00 | OK | |||
r-release-windows-x86_64 | 0.0.3 | 28.00 | 180.00 | 208.00 | OK | |
r-oldrel-macos-arm64 | 0.0.3 | 71.00 | OK | |||
r-oldrel-windows-x86_64 | 0.0.3 | 29.00 | 194.00 | 223.00 | OK |
Version: 0.0.3
Check: installed package size
Result: NOTE
installed size is 5.0Mb
sub-directories of 1Mb or more:
extdata 4.2Mb
Flavor: r-devel-linux-x86_64-fedora-clang