Last updated on 2023-09-21 23:03:34 CEST.
Flavor | Version | Tinstall | Tcheck | Ttotal | Status | Flags |
---|---|---|---|---|---|---|
r-devel-linux-x86_64-debian-clang | 0.2.1 | 34.76 | 29.76 | 64.52 | NOTE | |
r-devel-linux-x86_64-debian-gcc | 0.2.1 | 28.75 | 23.27 | 52.02 | NOTE | |
r-devel-linux-x86_64-fedora-clang | 0.2.1 | 95.51 | NOTE | |||
r-devel-linux-x86_64-fedora-gcc | 0.2.1 | 98.94 | NOTE | |||
r-devel-windows-x86_64 | 0.2.1 | 30.00 | 62.00 | 92.00 | NOTE | |
r-patched-linux-x86_64 | 0.2.1 | 34.58 | 29.14 | 63.72 | NOTE | |
r-release-linux-x86_64 | 0.2.1 | 36.01 | 29.34 | 65.35 | NOTE | |
r-release-macos-arm64 | 0.2.1 | 28.00 | NOTE | |||
r-release-macos-x86_64 | 0.2.1 | 45.00 | NOTE | |||
r-release-windows-x86_64 | 0.2.1 | 39.00 | 69.00 | 108.00 | NOTE | |
r-oldrel-macos-arm64 | 0.2.1 | 34.00 | OK | |||
r-oldrel-macos-x86_64 | 0.2.1 | 36.00 | NOTE | |||
r-oldrel-windows-x86_64 | 0.2.1 | 36.00 | 69.00 | 105.00 | OK |
Version: 0.2.1
Check: C++ specification
Result: NOTE
Specified C++11: please drop specification unless essential
Flavors: r-devel-linux-x86_64-debian-clang, r-devel-linux-x86_64-debian-gcc, r-devel-linux-x86_64-fedora-clang, r-devel-linux-x86_64-fedora-gcc, r-devel-windows-x86_64, r-patched-linux-x86_64, r-release-linux-x86_64, r-release-macos-arm64, r-release-macos-x86_64, r-release-windows-x86_64
Version: 0.2.1
Check: package subdirectories
Result: NOTE
Problems with news in ‘NEWS.md’:
No news entries found.
Flavors: r-devel-linux-x86_64-debian-clang, r-devel-linux-x86_64-debian-gcc, r-devel-linux-x86_64-fedora-clang, r-devel-linux-x86_64-fedora-gcc, r-devel-windows-x86_64, r-patched-linux-x86_64, r-release-linux-x86_64, r-release-macos-arm64, r-release-macos-x86_64, r-release-windows-x86_64
Version: 0.2.1
Check: dependencies in R code
Result: NOTE
Namespace in Imports field not imported from: ‘MASS’
All declared Imports should be used.
Flavors: r-devel-linux-x86_64-fedora-clang, r-devel-linux-x86_64-fedora-gcc, r-oldrel-macos-x86_64