CRAN Package Check Results for Package STB

Last updated on 2019-07-16 07:51:06 CEST.

Flavor Version Tinstall Tcheck Ttotal Status Flags
r-devel-linux-x86_64-debian-clang 0.6.3.1 8.49 62.47 70.96 OK
r-devel-linux-x86_64-debian-gcc 0.6.3.1 7.96 50.69 58.65 OK
r-devel-linux-x86_64-fedora-clang 0.6.3.1 86.85 NOTE
r-devel-linux-x86_64-fedora-gcc 0.6.3.1 84.65 NOTE
r-devel-windows-ix86+x86_64 0.6.3.1 27.00 130.00 157.00 OK
r-patched-linux-x86_64 0.6.3.1 8.18 62.98 71.16 OK
r-patched-solaris-x86 0.6.3.1 118.60 OK
r-release-linux-x86_64 0.6.3.1 8.05 62.47 70.52 OK
r-release-windows-ix86+x86_64 0.6.3.1 19.00 96.00 115.00 OK
r-release-osx-x86_64 0.6.3.1 OK
r-oldrel-windows-ix86+x86_64 0.6.3.1 19.00 90.00 109.00 OK
r-oldrel-osx-x86_64 0.6.3.1 OK

Check Details

Version: 0.6.3.1
Check: compiled code
Result: NOTE
    File ‘STB/libs/STB.so’:
     Found no calls to: ‘R_registerRoutines’, ‘R_useDynamicSymbols’
    
    It is good practice to register native routines and to disable symbol
    search.
    
    See ‘Writing portable packages’ in the ‘Writing R Extensions’ manual.
Flavors: r-devel-linux-x86_64-fedora-clang, r-devel-linux-x86_64-fedora-gcc