CRAN Package Check Results for Package STB

Last updated on 2019-10-16 22:56:11 CEST.

Flavor Version Tinstall Tcheck Ttotal Status Flags
r-devel-linux-x86_64-debian-clang 0.6.3.1 8.66 63.14 71.80 OK
r-devel-linux-x86_64-debian-gcc 0.6.3.1 7.35 50.57 57.92 OK
r-devel-linux-x86_64-fedora-clang 0.6.3.1 86.80 NOTE
r-devel-linux-x86_64-fedora-gcc 0.6.3.1 89.81 NOTE
r-devel-windows-ix86+x86_64 0.6.3.1 29.00 90.00 119.00 OK
r-patched-linux-x86_64 0.6.3.1 8.62 61.17 69.79 OK
r-patched-solaris-x86 0.6.3.1 128.80 OK
r-release-linux-x86_64 0.6.3.1 9.22 62.45 71.67 OK
r-release-windows-ix86+x86_64 0.6.3.1 19.00 136.00 155.00 OK
r-release-osx-x86_64 0.6.3.1 OK
r-oldrel-windows-ix86+x86_64 0.6.3.1 12.00 86.00 98.00 OK
r-oldrel-osx-x86_64 0.6.3.1 OK

Check Details

Version: 0.6.3.1
Check: compiled code
Result: NOTE
    File ‘STB/libs/STB.so’:
     Found no calls to: ‘R_registerRoutines’, ‘R_useDynamicSymbols’
    
    It is good practice to register native routines and to disable symbol
    search.
    
    See ‘Writing portable packages’ in the ‘Writing R Extensions’ manual.
Flavors: r-devel-linux-x86_64-fedora-clang, r-devel-linux-x86_64-fedora-gcc