CRAN Package Check Results for Package STraTUS

Last updated on 2021-08-03 22:53:44 CEST.

Flavor Version Tinstall Tcheck Ttotal Status Flags
r-devel-linux-x86_64-debian-clang 1.1.2 13.33 129.65 142.98 OK
r-devel-linux-x86_64-debian-gcc 1.1.2 11.34 94.58 105.92 OK
r-devel-linux-x86_64-fedora-clang 1.1.2 173.80 OK
r-devel-linux-x86_64-fedora-gcc 1.1.2 162.62 OK
r-devel-windows-x86_64 1.1.2 16.00 147.00 163.00 OK
r-devel-windows-x86_64-gcc10-UCRT 1.1.2 OK
r-patched-linux-x86_64 1.1.2 12.82 119.92 132.74 OK
r-patched-solaris-x86 1.1.2 246.60 OK
r-release-linux-x86_64 1.1.2 12.26 119.84 132.10 OK
r-release-macos-arm64 1.1.2 ERROR
r-release-macos-x86_64 1.1.2 ERROR
r-release-windows-ix86+x86_64 1.1.2 31.00 99.00 130.00 OK
r-oldrel-macos-x86_64 1.1.2 ERROR
r-oldrel-windows-ix86+x86_64 1.1.2 25.00 146.00 171.00 ERROR

Check Details

Version: 1.1.2
Check: package dependencies
Result: ERROR
    Package required but not available: ‘ggtree’
    
    See section ‘The DESCRIPTION file’ in the ‘Writing R Extensions’
    manual.
Flavors: r-release-macos-arm64, r-release-macos-x86_64, r-oldrel-macos-x86_64

Version: 1.1.2
Check: examples
Result: ERROR
    Running examples in 'STraTUS-Ex.R' failed
    The error most likely occurred in:
    
    > ### Name: build.edgelist
    > ### Title: For a sample, produce the transmission tree as a 'igraph' object
    > ### Aliases: build.edgelist
    >
    > ### ** Examples
    >
    > generator <- tt.generator(stratus.example.tree)
    > samples <- sample.tt(generator, 1)
    Error in DataMask$new(.data, caller_env) :
     argument "caller_env" is missing, with no default
    Calls: sample.tt ... mutate.data.frame -> mutate_cols -> <Anonymous> -> initialize
    Execution halted
Flavor: r-oldrel-windows-ix86+x86_64