CRAN Package Check Results for Package STraTUS

Last updated on 2024-05-24 23:06:01 CEST.

Flavor Version Tinstall Tcheck Ttotal Status Flags
r-devel-linux-x86_64-debian-clang 1.1.2 14.22 128.80 143.02 NOTE
r-devel-linux-x86_64-debian-gcc 1.1.2 12.97 94.13 107.10 NOTE
r-devel-linux-x86_64-fedora-clang 1.1.2 177.97 NOTE
r-devel-linux-x86_64-fedora-gcc 1.1.2 164.11 NOTE
r-devel-windows-x86_64 1.1.2 13.00 99.00 112.00 NOTE
r-patched-linux-x86_64 1.1.2 10.16 122.33 132.49 NOTE
r-release-linux-x86_64 1.1.2 13.47 123.85 137.32 NOTE
r-release-macos-arm64 1.1.2 48.00 NOTE
r-release-macos-x86_64 1.1.2 98.00 OK
r-release-windows-x86_64 1.1.2 15.00 101.00 116.00 NOTE
r-oldrel-macos-arm64 1.1.2 56.00 OK
r-oldrel-macos-x86_64 1.1.2 98.00 OK
r-oldrel-windows-x86_64 1.1.2 17.00 122.00 139.00 OK

Check Details

Version: 1.1.2
Check: Rd files
Result: NOTE checkRd: (-1) sample.partial.tt.Rd:41: Lost braces in \itemize; \value handles \item{}{} directly checkRd: (-1) sample.partial.tt.Rd:42: Lost braces in \itemize; \value handles \item{}{} directly checkRd: (-1) sample.partial.tt.Rd:43: Lost braces in \itemize; \value handles \item{}{} directly checkRd: (-1) sample.partial.tt.Rd:44: Lost braces in \itemize; \value handles \item{}{} directly checkRd: (-1) sample.partial.tt.Rd:45: Lost braces in \itemize; \value handles \item{}{} directly checkRd: (-1) sample.tt.Rd:32: Lost braces in \itemize; \value handles \item{}{} directly checkRd: (-1) sample.tt.Rd:33: Lost braces in \itemize; \value handles \item{}{} directly checkRd: (-1) sample.tt.Rd:34: Lost braces in \itemize; \value handles \item{}{} directly checkRd: (-1) sample.tt.Rd:35: Lost braces in \itemize; \value handles \item{}{} directly checkRd: (-1) sample.tt.Rd:36: Lost braces in \itemize; \value handles \item{}{} directly checkRd: (-1) tt.generator.Rd:38: Lost braces in \itemize; \value handles \item{}{} directly checkRd: (-1) tt.generator.Rd:39: Lost braces in \itemize; \value handles \item{}{} directly checkRd: (-1) tt.generator.Rd:40: Lost braces in \itemize; \value handles \item{}{} directly checkRd: (-1) tt.generator.Rd:41: Lost braces in \itemize; \value handles \item{}{} directly checkRd: (-1) tt.generator.Rd:42: Lost braces in \itemize; \value handles \item{}{} directly checkRd: (-1) tt.generator.Rd:43-57: Lost braces in \itemize; \value handles \item{}{} directly checkRd: (-1) tt.generator.Rd:45: Lost braces in \itemize; \value handles \item{}{} directly checkRd: (-1) tt.generator.Rd:46: Lost braces in \itemize; \value handles \item{}{} directly checkRd: (-1) tt.generator.Rd:47: Lost braces in \itemize; \value handles \item{}{} directly checkRd: (-1) tt.generator.Rd:51: Lost braces in \itemize; \value handles \item{}{} directly checkRd: (-1) tt.generator.Rd:52: Lost braces in \itemize; \value handles \item{}{} directly checkRd: (-1) tt.generator.Rd:53: Lost braces in \itemize; \value handles \item{}{} directly checkRd: (-1) tt.generator.Rd:54: Lost braces in \itemize; \value handles \item{}{} directly checkRd: (-1) tt.generator.Rd:55: Lost braces in \itemize; \value handles \item{}{} directly Flavors: r-devel-linux-x86_64-debian-clang, r-devel-linux-x86_64-debian-gcc, r-devel-linux-x86_64-fedora-clang, r-devel-linux-x86_64-fedora-gcc, r-devel-windows-x86_64, r-patched-linux-x86_64, r-release-linux-x86_64, r-release-macos-arm64, r-release-windows-x86_64