Last updated on 2024-04-22 23:10:06 CEST.
Flavor | Version | Tinstall | Tcheck | Ttotal | Status | Flags |
---|---|---|---|---|---|---|
r-devel-linux-x86_64-debian-clang | 1.4.0 | 58.97 | 436.72 | 495.69 | NOTE | |
r-devel-linux-x86_64-debian-gcc | 1.4.0 | 43.48 | 303.13 | 346.61 | NOTE | |
r-devel-linux-x86_64-fedora-clang | 1.4.0 | 605.65 | NOTE | |||
r-devel-linux-x86_64-fedora-gcc | 1.4.0 | 578.33 | OK | |||
r-prerel-macos-arm64 | 1.4.0 | 120.00 | NOTE | |||
r-prerel-macos-x86_64 | 1.4.0 | 397.00 | NOTE | |||
r-prerel-windows-x86_64 | 1.4.0 | 44.00 | 265.00 | 309.00 | NOTE | |
r-patched-linux-x86_64 | 1.4.0 | 42.52 | 416.73 | 459.25 | NOTE | |
r-release-linux-x86_64 | 1.4.0 | 34.88 | 412.38 | 447.26 | NOTE | |
r-release-macos-arm64 | 1.4.0 | 141.00 | NOTE | |||
r-release-macos-x86_64 | 1.4.0 | 293.00 | NOTE | |||
r-release-windows-x86_64 | 1.4.0 | 62.00 | 374.00 | 436.00 | NOTE | |
r-oldrel-macos-arm64 | 1.4.0 | 137.00 | NOTE | |||
r-oldrel-windows-x86_64 | 1.4.0 | 64.00 | 341.00 | 405.00 | NOTE |
Version: 1.4.0
Check: package dependencies
Result: NOTE
Package suggested but not available for checking: ‘INLA’
Flavors: r-devel-linux-x86_64-debian-clang, r-devel-linux-x86_64-debian-gcc, r-prerel-macos-arm64, r-prerel-macos-x86_64, r-patched-linux-x86_64, r-release-linux-x86_64, r-release-macos-arm64, r-release-macos-x86_64, r-release-windows-x86_64, r-oldrel-macos-arm64, r-oldrel-windows-x86_64
Version: 1.4.0
Check: installed package size
Result: NOTE
installed size is 5.7Mb
sub-directories of 1Mb or more:
data 1.8Mb
doc 3.0Mb
Flavors: r-devel-linux-x86_64-fedora-clang, r-prerel-macos-arm64, r-prerel-macos-x86_64, r-prerel-windows-x86_64, r-release-macos-arm64, r-release-macos-x86_64, r-release-windows-x86_64, r-oldrel-macos-arm64, r-oldrel-windows-x86_64