Last updated on 2024-04-18 22:53:02 CEST.
Flavor | Version | Tinstall | Tcheck | Ttotal | Status | Flags |
---|---|---|---|---|---|---|
r-devel-linux-x86_64-debian-clang | 1.0.0 | 13.62 | 161.95 | 175.57 | NOTE | |
r-devel-linux-x86_64-debian-gcc | 1.0.0 | 9.78 | 117.94 | 127.72 | NOTE | |
r-devel-linux-x86_64-fedora-clang | 1.0.0 | 224.70 | NOTE | |||
r-devel-linux-x86_64-fedora-gcc | 1.0.0 | 243.60 | NOTE | |||
r-prerel-macos-arm64 | 1.0.0 | 65.00 | NOTE | |||
r-prerel-windows-x86_64 | 1.0.0 | 10.00 | 140.00 | 150.00 | NOTE | |
r-patched-linux-x86_64 | 1.0.0 | 8.43 | 153.23 | 161.66 | NOTE | |
r-release-linux-x86_64 | 1.0.0 | 7.67 | 156.10 | 163.77 | NOTE | |
r-release-macos-arm64 | 1.0.0 | 74.00 | NOTE | |||
r-release-macos-x86_64 | 1.0.0 | 109.00 | NOTE | |||
r-release-windows-x86_64 | 1.0.0 | 14.00 | 165.00 | 179.00 | NOTE | |
r-oldrel-macos-arm64 | 1.0.0 | 74.00 | OK | |||
r-oldrel-windows-x86_64 | 1.0.0 | 14.00 | 155.00 | 169.00 | OK |
Version: 1.0.0
Check: package subdirectories
Result: NOTE
Problems with news in ‘NEWS.md’:
Cannot extract version info from the following section titles:
Additional functions and data sets
Amendments to functions
Flavors: r-devel-linux-x86_64-debian-clang, r-devel-linux-x86_64-debian-gcc, r-devel-linux-x86_64-fedora-clang, r-devel-linux-x86_64-fedora-gcc, r-prerel-macos-arm64, r-prerel-windows-x86_64, r-patched-linux-x86_64, r-release-linux-x86_64, r-release-macos-arm64, r-release-macos-x86_64, r-release-windows-x86_64