CRAN Package Check Results for Package SWMPrExtension

Last updated on 2021-05-14 23:51:03 CEST.

Flavor Version Tinstall Tcheck Ttotal Status Flags
r-devel-linux-x86_64-debian-clang 1.1.6 22.59 176.14 198.73 OK
r-devel-linux-x86_64-debian-gcc 1.1.6 17.56 134.83 152.39 OK
r-devel-linux-x86_64-fedora-clang 1.1.6 251.46 NOTE
r-devel-linux-x86_64-fedora-gcc 1.1.6 235.63 NOTE
r-devel-windows-ix86+x86_64 1.1.6 59.00 259.00 318.00 OK
r-devel-windows-x86_64-gcc10-UCRT 1.1.6 NOTE
r-patched-linux-x86_64 1.1.6 29.01 167.45 196.46 OK
r-patched-solaris-x86 1.1.6 381.20 NOTE
r-release-linux-x86_64 1.1.6 18.79 163.12 181.91 OK
r-release-macos-x86_64 1.1.6 NOTE
r-release-windows-ix86+x86_64 1.1.6 44.00 268.00 312.00 OK
r-oldrel-macos-x86_64 1.1.6 NOTE
r-oldrel-windows-ix86+x86_64 1.1.6 55.00 296.00 351.00 OK

Check Details

Version: 1.1.6
Check: dependencies in R code
Result: NOTE
    Namespace in Imports field not imported from: ‘rgeos’
     All declared Imports should be used.
Flavors: r-devel-linux-x86_64-fedora-clang, r-devel-linux-x86_64-fedora-gcc, r-devel-windows-x86_64-gcc10-UCRT, r-patched-solaris-x86, r-release-macos-x86_64, r-oldrel-macos-x86_64