CRAN Package Check Results for Package SafeQuant

Last updated on 2019-09-18 22:52:49 CEST.

Flavor Version Tinstall Tcheck Ttotal Status Flags
r-devel-linux-x86_64-debian-clang 2.3.1 12.34 234.67 247.01 OK
r-devel-linux-x86_64-debian-gcc 2.3.1 11.09 167.19 178.28 OK
r-devel-linux-x86_64-fedora-clang 2.3.1 158.71 OK
r-devel-linux-x86_64-fedora-gcc 2.3.1 150.69 OK
r-devel-windows-ix86+x86_64 2.3.1 34.00 211.00 245.00 OK
r-patched-linux-x86_64 2.3.1 15.44 214.98 230.42 OK
r-patched-solaris-x86 2.3.1 356.90 OK
r-release-linux-x86_64 2.3.1 13.55 218.63 232.18 OK
r-release-windows-ix86+x86_64 2.3.1 27.00 217.00 244.00 OK
r-release-osx-x86_64 2.3.1 ERROR
r-oldrel-windows-ix86+x86_64 2.3.1 15.00 243.00 258.00 OK
r-oldrel-osx-x86_64 2.3.1 OK

Check Details

Version: 2.3.1
Check: package dependencies
Result: ERROR
    Packages required but not available: 'limma', 'Biobase'
    
    See section ‘The DESCRIPTION file’ in the ‘Writing R Extensions’
    manual.
Flavor: r-release-osx-x86_64