CRAN Package Check Results for Package SampleSizeProportions

Last updated on 2019-03-20 22:48:10 CET.

Flavor Version Tinstall Tcheck Ttotal Status Flags
r-devel-linux-x86_64-debian-clang 1.0 2.29 25.44 27.73 NOTE
r-devel-linux-x86_64-debian-gcc 1.0 2.47 19.70 22.17 NOTE
r-devel-linux-x86_64-fedora-clang 1.0 34.75 NOTE
r-devel-linux-x86_64-fedora-gcc 1.0 33.10 NOTE
r-devel-windows-ix86+x86_64 1.0 9.00 48.00 57.00 NOTE
r-patched-linux-x86_64 1.0 1.67 24.24 25.91 NOTE
r-patched-solaris-x86 1.0 46.30 NOTE
r-release-linux-x86_64 1.0 2.34 24.37 26.71 NOTE
r-release-windows-ix86+x86_64 1.0 4.00 35.00 39.00 NOTE
r-release-osx-x86_64 1.0 NOTE
r-oldrel-windows-ix86+x86_64 1.0 2.00 36.00 38.00 NOTE
r-oldrel-osx-x86_64 1.0 NOTE

Check Details

Version: 1.0
Check: R code for possible problems
Result: NOTE
    propdiff.acc: no visible global function definition for 'rbeta'
    propdiff.acc: no visible global function definition for 'rbinom'
    propdiff.acc: no visible global function definition for 'pbeta'
    propdiff.alc: no visible global function definition for 'rbeta'
    propdiff.alc: no visible global function definition for 'rbinom'
    propdiff.alc: no visible global function definition for 'qbeta'
    propdiff.freq: no visible global function definition for 'qnorm'
    propdiff.mblacc: no visible global function definition for 'rbeta'
    propdiff.mblacc: no visible global function definition for 'rbinom'
    propdiff.mblacc: no visible global function definition for 'pbeta'
    propdiff.mblalc: no visible global function definition for 'rbeta'
    propdiff.mblalc: no visible global function definition for 'rbinom'
    propdiff.mblalc: no visible global function definition for 'qbeta'
    propdiff.mblmodwoc: no visible global function definition for 'qchisq'
    propdiff.mblmodwoc: no visible global function definition for 'pbeta'
    propdiff.mblwoc: no visible global function definition for 'pbeta'
    propdiff.modwoc: no visible global function definition for 'qchisq'
    propdiff.modwoc: no visible global function definition for 'pbeta'
    propdiff.woc: no visible global function definition for 'pbeta'
    Undefined global functions or variables:
     pbeta qbeta qchisq qnorm rbeta rbinom
    Consider adding
     importFrom("stats", "pbeta", "qbeta", "qchisq", "qnorm", "rbeta",
     "rbinom")
    to your NAMESPACE file.
Flavors: r-devel-linux-x86_64-debian-clang, r-devel-linux-x86_64-debian-gcc, r-devel-linux-x86_64-fedora-clang, r-devel-linux-x86_64-fedora-gcc, r-devel-windows-ix86+x86_64, r-patched-linux-x86_64, r-patched-solaris-x86, r-release-linux-x86_64, r-release-windows-ix86+x86_64, r-release-osx-x86_64, r-oldrel-windows-ix86+x86_64, r-oldrel-osx-x86_64