CRAN Package Check Results for Package ScriptMapR

Last updated on 2024-07-16 22:48:45 CEST.

Flavor Version Tinstall Tcheck Ttotal Status Flags
r-devel-linux-x86_64-debian-clang 0.0.3 11.20 94.30 105.50 NOTE
r-devel-linux-x86_64-debian-gcc 0.0.3 12.59 69.07 81.66 NOTE
r-devel-linux-x86_64-fedora-clang 0.0.3 133.40 NOTE
r-devel-linux-x86_64-fedora-gcc 0.0.3 127.36 NOTE
r-devel-windows-x86_64 0.0.3 12.00 80.00 92.00 NOTE
r-patched-linux-x86_64 0.0.3 11.86 87.66 99.52 NOTE
r-release-linux-x86_64 0.0.3 11.63 90.19 101.82 NOTE
r-release-macos-arm64 0.0.3 37.00 NOTE
r-release-macos-x86_64 0.0.3 59.00 NOTE
r-release-windows-x86_64 0.0.3 14.00 81.00 95.00 NOTE
r-oldrel-macos-arm64 0.0.3 41.00 NOTE
r-oldrel-macos-x86_64 0.0.3 87.00 NOTE
r-oldrel-windows-x86_64 0.0.3 16.00 102.00 118.00 NOTE

Check Details

Version: 0.0.3
Check: LazyData
Result: NOTE 'LazyData' is specified without a 'data' directory Flavors: r-devel-linux-x86_64-debian-clang, r-devel-linux-x86_64-debian-gcc, r-devel-linux-x86_64-fedora-clang, r-devel-linux-x86_64-fedora-gcc, r-devel-windows-x86_64, r-patched-linux-x86_64, r-release-linux-x86_64, r-release-macos-arm64, r-release-macos-x86_64, r-release-windows-x86_64, r-oldrel-macos-arm64, r-oldrel-macos-x86_64, r-oldrel-windows-x86_64