Last updated on 2023-09-20 21:53:02 CEST.
Flavor | Version | Tinstall | Tcheck | Ttotal | Status | Flags |
---|---|---|---|---|---|---|
r-devel-linux-x86_64-debian-clang | 0.0.3 | 14.22 | 97.68 | 111.90 | NOTE | |
r-devel-linux-x86_64-debian-gcc | 0.0.3 | 11.55 | 69.85 | 81.40 | NOTE | |
r-devel-linux-x86_64-fedora-clang | 0.0.3 | 132.58 | NOTE | |||
r-devel-linux-x86_64-fedora-gcc | 0.0.3 | 135.36 | NOTE | |||
r-devel-windows-x86_64 | 0.0.3 | 12.00 | 84.00 | 96.00 | NOTE | |
r-patched-linux-x86_64 | 0.0.3 | 11.85 | 89.62 | 101.47 | NOTE | |
r-release-linux-x86_64 | 0.0.3 | 15.09 | 91.26 | 106.35 | NOTE | |
r-release-macos-arm64 | 0.0.3 | 41.00 | NOTE | |||
r-release-macos-x86_64 | 0.0.3 | 66.00 | NOTE | |||
r-release-windows-x86_64 | 0.0.3 | 17.00 | 100.00 | 117.00 | NOTE | |
r-oldrel-macos-arm64 | 0.0.3 | 43.00 | NOTE | |||
r-oldrel-macos-x86_64 | 0.0.3 | 71.00 | NOTE | |||
r-oldrel-windows-x86_64 | 0.0.3 | 18.00 | 106.00 | 124.00 | NOTE |
Version: 0.0.3
Check: LazyData
Result: NOTE
'LazyData' is specified without a 'data' directory
Flavors: r-devel-linux-x86_64-debian-clang, r-devel-linux-x86_64-debian-gcc, r-devel-linux-x86_64-fedora-clang, r-devel-linux-x86_64-fedora-gcc, r-devel-windows-x86_64, r-patched-linux-x86_64, r-release-linux-x86_64, r-release-macos-arm64, r-release-macos-x86_64, r-release-windows-x86_64, r-oldrel-macos-arm64, r-oldrel-macos-x86_64, r-oldrel-windows-x86_64