CRAN Package Check Results for Package SeedMatchR

Last updated on 2024-02-24 21:40:33 CET.

Flavor Version Tinstall Tcheck Ttotal Status Flags
r-devel-linux-x86_64-debian-clang 1.1.1 6.25 74.84 81.09 OK
r-devel-linux-x86_64-debian-gcc 1.1.1 4.88 57.89 62.77 OK
r-devel-linux-x86_64-fedora-clang 1.1.1 102.62 NOTE
r-devel-linux-x86_64-fedora-gcc 1.1.1 2.28 ERROR
r-devel-windows-x86_64 1.1.1 7.00 77.00 84.00 OK
r-patched-linux-x86_64 1.1.1 4.16 73.69 77.85 OK
r-release-linux-x86_64 1.1.1 5.25 74.58 79.83 OK
r-release-macos-arm64 1.1.1 10.00 ERROR
r-release-macos-x86_64 1.1.1 8.00 ERROR
r-release-windows-x86_64 1.1.1 8.00 91.00 99.00 OK
r-oldrel-macos-arm64 1.1.1 10.00 ERROR
r-oldrel-windows-x86_64 1.1.1 10.00 93.00 103.00 OK

Check Details

Version: 1.1.1
Check: dependencies in R code
Result: NOTE Namespaces in Imports field not imported from: ‘cowplot’ ‘testit’ All declared Imports should be used. Flavor: r-devel-linux-x86_64-fedora-clang

Version: 1.1.1
Check: package dependencies
Result: ERROR Package required but not available: ‘ggmsa’ See section ‘The DESCRIPTION file’ in the ‘Writing R Extensions’ manual. Flavor: r-devel-linux-x86_64-fedora-gcc

Version: 1.1.1
Check: package dependencies
Result: ERROR Packages required but not available: 'ggmsa', 'msa' Package suggested but not available for checking: ‘org.Rn.eg.db’ See section ‘The DESCRIPTION file’ in the ‘Writing R Extensions’ manual. Flavors: r-release-macos-arm64, r-release-macos-x86_64, r-oldrel-macos-arm64