CRAN Package Check Results for Package SeerMapper

Last updated on 2020-02-17 22:49:47 CET.

Flavor Version Tinstall Tcheck Ttotal Status Flags
r-devel-linux-x86_64-debian-clang 1.2.0 8.20 98.15 106.35 NOTE
r-devel-linux-x86_64-debian-gcc 1.2.0 6.43 77.24 83.67 NOTE
r-devel-linux-x86_64-fedora-clang 1.2.0 130.70 NOTE
r-devel-linux-x86_64-fedora-gcc 1.2.0 129.20 NOTE
r-devel-windows-ix86+x86_64 1.2.0 17.00 134.00 151.00 OK
r-devel-windows-ix86+x86_64-gcc8 1.2.0 27.00 177.00 204.00 OK
r-patched-linux-x86_64 1.2.0 8.25 88.63 96.88 OK
r-patched-solaris-x86 1.2.0 183.10 OK
r-release-linux-x86_64 1.2.0 7.88 88.76 96.64 OK
r-release-windows-ix86+x86_64 1.2.0 18.00 110.00 128.00 OK
r-release-osx-x86_64 1.2.0 OK
r-oldrel-windows-ix86+x86_64 1.2.0 14.00 124.00 138.00 OK
r-oldrel-osx-x86_64 1.2.0 OK

Check Details

Version: 1.2.0
Check: for non-standard things in the check directory
Result: NOTE
    Found the following files/directories:
     'SM-Ex-H04 GA Co 2010 hatch-ge mean popdens-d15 a60.pdf' 'SM-Ex-c30
     Kentucky All Co Map w hatching-defaults.pdf' 'SM-Ex-c64 GA
     Counties10-PC age 65 and up-def.pdf'
     'SM-Ex-c80-WashBalt-County-CSA-def.pdf' 'SM-Ex-s01 States Map of
     Cancer Mortality-defaults.pdf' 'SM-Ex-s02 States Map of Cancer
     Mortality-w hatching.pdf' 'SM-Ex-sr11 Seer Reg 17 Map stB-A
     srB-D.pdf' 'SM-Ex-tr74-WA-Dem-All-Census-Tracts-PCgt65-def.pdf'
     'SM-Ex-tr78-WA-Dem-P-Tract-trB-sr.pdf'
Flavors: r-devel-linux-x86_64-debian-clang, r-devel-linux-x86_64-debian-gcc, r-devel-linux-x86_64-fedora-clang, r-devel-linux-x86_64-fedora-gcc