CRAN Package Check Results for Package Semblance

Last updated on 2025-01-20 22:49:11 CET.

Flavor Version Tinstall Tcheck Ttotal Status Flags
r-devel-linux-x86_64-debian-clang 1.1.0 10.18 85.78 95.96 OK
r-devel-linux-x86_64-debian-gcc 1.1.0 6.90 61.33 68.23 OK
r-devel-linux-x86_64-fedora-clang 1.1.0 153.74 OK
r-devel-linux-x86_64-fedora-gcc 1.1.0 151.08 OK
r-devel-windows-x86_64 1.1.0 12.00 87.00 99.00 OK
r-patched-linux-x86_64 1.1.0 10.10 76.58 86.68 NOTE
r-release-linux-x86_64 1.1.0 9.31 76.60 85.91 NOTE
r-release-macos-arm64 1.1.0 44.00 NOTE
r-release-macos-x86_64 1.1.0 60.00 NOTE
r-release-windows-x86_64 1.1.0 11.00 96.00 107.00 NOTE
r-oldrel-macos-arm64 1.1.0 47.00 NOTE
r-oldrel-macos-x86_64 1.1.0 76.00 NOTE
r-oldrel-windows-x86_64 1.1.0 15.00 109.00 124.00 NOTE

Check Details

Version: 1.1.0
Check: LazyData
Result: NOTE 'LazyData' is specified without a 'data' directory Flavors: r-patched-linux-x86_64, r-release-linux-x86_64, r-release-macos-arm64, r-release-macos-x86_64, r-release-windows-x86_64, r-oldrel-macos-arm64, r-oldrel-macos-x86_64, r-oldrel-windows-x86_64