Last updated on 2024-04-22 23:10:04 CEST.
Flavor | Version | Tinstall | Tcheck | Ttotal | Status | Flags |
---|---|---|---|---|---|---|
r-devel-linux-x86_64-debian-clang | 0.3.1 | 0.51 | 2.12 | 2.63 | ERROR | |
r-devel-linux-x86_64-debian-gcc | 0.3.1 | 41.78 | 257.48 | 299.26 | NOTE | |
r-devel-linux-x86_64-fedora-clang | 0.3.1 | 522.02 | NOTE | |||
r-devel-linux-x86_64-fedora-gcc | 0.3.1 | 509.85 | NOTE | |||
r-prerel-macos-arm64 | 0.3.1 | 254.00 | OK | |||
r-prerel-macos-x86_64 | 0.3.1 | 314.00 | OK | |||
r-prerel-windows-x86_64 | 0.3.1 | 33.00 | 212.00 | 245.00 | OK | |
r-patched-linux-x86_64 | 0.3.1 | 54.32 | 343.57 | 397.89 | NOTE | |
r-release-linux-x86_64 | 0.3.1 | 41.46 | 302.01 | 343.47 | NOTE | |
r-release-macos-arm64 | 0.3.1 | 126.00 | OK | |||
r-release-macos-x86_64 | 0.3.1 | 338.00 | OK | |||
r-release-windows-x86_64 | 0.3.1 | 41.00 | 285.00 | 326.00 | OK | |
r-oldrel-macos-arm64 | 0.3.1 | 13.00 | ERROR | |||
r-oldrel-windows-x86_64 | 0.3.1 | 42.00 | 248.00 | 290.00 | OK |
Version: 0.3.1
Check: package dependencies
Result: ERROR
Package required but not available: ‘Biostrings’
See section ‘The DESCRIPTION file’ in the ‘Writing R Extensions’
manual.
Flavor: r-devel-linux-x86_64-debian-clang
Version: 0.3.1
Check: for non-standard things in the check directory
Result: NOTE
Found the following files/directories:
‘assocpointpair_result.csv’ ‘foundereffectfinder_result.csv’
‘getfreqs_result.csv’ ‘getfreqs_result.png’ ‘orPlot.pdf1_1.pdf’
‘orPlot.pdf2_1.pdf’ ‘orPlot.pdf3_1.pdf’ ‘orPlot.pdf4_1.pdf’
‘orPlot.pdf5_1.pdf’ ‘orPlot.pdf6_1.pdf’ ‘orPlot.pdf7_1.pdf’
‘orPlot.pdf8_1.pdf’ ‘q-values_result.csv’ ‘rewritetuple_result.csv’
‘tartan_plot.pdf’ ‘vispair_plot.pdf’ ‘vispairfeat_plot.pdf’
‘volcano_plot.pdf’
Flavors: r-devel-linux-x86_64-debian-gcc, r-devel-linux-x86_64-fedora-clang, r-devel-linux-x86_64-fedora-gcc, r-patched-linux-x86_64, r-release-linux-x86_64
Version: 0.3.1
Check: package dependencies
Result: ERROR
Package required but not available: ‘widgetTools’
See section ‘The DESCRIPTION file’ in the ‘Writing R Extensions’
manual.
Flavor: r-oldrel-macos-arm64