Last updated on 2023-09-28 23:08:58 CEST.
Flavor | Version | Tinstall | Tcheck | Ttotal | Status | Flags |
---|---|---|---|---|---|---|
r-devel-linux-x86_64-debian-clang | 1.1.3 | 88.47 | 76.86 | 165.33 | OK | |
r-devel-linux-x86_64-debian-gcc | 1.1.3 | 63.35 | 57.26 | 120.61 | OK | |
r-devel-linux-x86_64-fedora-clang | 1.1.3 | 251.96 | NOTE | |||
r-devel-linux-x86_64-fedora-gcc | 1.1.3 | 235.38 | NOTE | |||
r-devel-windows-x86_64 | 1.1.3 | 78.00 | 118.00 | 196.00 | NOTE | |
r-patched-linux-x86_64 | 1.1.3 | 89.71 | 75.26 | 164.97 | OK | |
r-release-linux-x86_64 | 1.1.3 | 89.63 | 71.29 | 160.92 | OK | |
r-release-macos-arm64 | 1.1.3 | 76.00 | NOTE | |||
r-release-macos-x86_64 | 1.1.3 | 106.00 | NOTE | |||
r-release-windows-x86_64 | 1.1.3 | 98.00 | 131.00 | 229.00 | NOTE | |
r-oldrel-macos-arm64 | 1.1.3 | 65.00 | NOTE | |||
r-oldrel-macos-x86_64 | 1.1.3 | 108.00 | NOTE | |||
r-oldrel-windows-x86_64 | 1.1.3 | 91.00 | 109.00 | 200.00 | NOTE |
Version: 1.1.3
Check: installed package size
Result: NOTE
installed size is 5.3Mb
sub-directories of 1Mb or more:
data 4.7Mb
Flavors: r-devel-linux-x86_64-fedora-clang, r-devel-windows-x86_64, r-release-macos-arm64, r-release-macos-x86_64, r-release-windows-x86_64, r-oldrel-macos-arm64, r-oldrel-macos-x86_64, r-oldrel-windows-x86_64
Version: 1.1.3
Check: dependencies in R code
Result: NOTE
Namespace in Imports field not imported from: ‘Rdpack’
All declared Imports should be used.
Flavors: r-devel-linux-x86_64-fedora-clang, r-devel-linux-x86_64-fedora-gcc, r-oldrel-macos-arm64, r-oldrel-macos-x86_64