CRAN Package Check Results for Package SeqNet

Last updated on 2019-09-18 22:52:50 CEST.

Flavor Version Tinstall Tcheck Ttotal Status Flags
r-devel-linux-x86_64-debian-clang 1.0.0 48.99 50.24 99.23 OK
r-devel-linux-x86_64-debian-gcc 1.0.0 35.52 39.40 74.92 OK
r-devel-linux-x86_64-fedora-clang 1.0.0 145.28 NOTE
r-devel-linux-x86_64-fedora-gcc 1.0.0 128.66 NOTE
r-devel-windows-ix86+x86_64 1.0.0 131.00 128.00 259.00 NOTE
r-patched-linux-x86_64 1.0.0 41.38 49.72 91.10 OK
r-patched-solaris-x86 1.0.0 141.60 NOTE
r-release-linux-x86_64 1.0.0 40.99 49.82 90.81 OK
r-release-windows-ix86+x86_64 1.0.0 80.00 96.00 176.00 NOTE
r-release-osx-x86_64 1.0.0 NOTE
r-oldrel-windows-ix86+x86_64 1.0.0 83.00 89.00 172.00 NOTE
r-oldrel-osx-x86_64 1.0.0 NOTE

Check Details

Version: 1.0.0
Check: installed package size
Result: NOTE
     installed size is 8.2Mb
     sub-directories of 1Mb or more:
     data 6.9Mb
Flavors: r-devel-linux-x86_64-fedora-clang, r-devel-windows-ix86+x86_64, r-patched-solaris-x86, r-release-windows-ix86+x86_64, r-release-osx-x86_64, r-oldrel-windows-ix86+x86_64, r-oldrel-osx-x86_64

Version: 1.0.0
Check: dependencies in R code
Result: NOTE
    Namespace in Imports field not imported from: ‘RColorBrewer’
     All declared Imports should be used.
Flavors: r-devel-linux-x86_64-fedora-clang, r-devel-linux-x86_64-fedora-gcc, r-patched-solaris-x86, r-release-osx-x86_64, r-oldrel-osx-x86_64