CRAN Package Check Results for Package ShinyTester

Last updated on 2024-03-01 22:53:49 CET.

Flavor Version Tinstall Tcheck Ttotal Status Flags
r-devel-linux-x86_64-debian-clang 0.1.0 5.88 45.24 51.12 NOTE
r-devel-linux-x86_64-debian-gcc 0.1.0 4.94 35.13 40.07 NOTE
r-devel-linux-x86_64-fedora-clang 0.1.0 65.91 NOTE
r-devel-linux-x86_64-fedora-gcc 0.1.0 62.27 NOTE
r-devel-windows-x86_64 0.1.0 6.00 53.00 59.00 NOTE
r-patched-linux-x86_64 0.1.0 4.17 43.48 47.65 NOTE
r-release-linux-x86_64 0.1.0 3.94 44.27 48.21 NOTE
r-release-macos-arm64 0.1.0 28.00 NOTE
r-release-macos-x86_64 0.1.0 35.00 NOTE
r-release-windows-x86_64 0.1.0 8.00 59.00 67.00 NOTE
r-oldrel-macos-arm64 0.1.0 22.00 NOTE
r-oldrel-windows-x86_64 0.1.0 8.00 66.00 74.00 NOTE

Check Details

Version: 0.1.0
Check: LazyData
Result: NOTE 'LazyData' is specified without a 'data' directory Flavors: r-devel-linux-x86_64-debian-clang, r-devel-linux-x86_64-debian-gcc, r-devel-linux-x86_64-fedora-clang, r-devel-linux-x86_64-fedora-gcc, r-devel-windows-x86_64, r-patched-linux-x86_64, r-release-linux-x86_64, r-release-macos-arm64, r-release-macos-x86_64, r-release-windows-x86_64, r-oldrel-macos-arm64, r-oldrel-windows-x86_64