CRAN Package Check Results for Package SimCorrMix

Last updated on 2019-07-16 07:51:05 CEST.

Flavor Version Tinstall Tcheck Ttotal Status Flags
r-devel-linux-x86_64-debian-clang 0.1.1 14.62 193.23 207.85 OK
r-devel-linux-x86_64-debian-gcc 0.1.1 14.29 149.80 164.09 OK
r-devel-linux-x86_64-fedora-clang 0.1.1 244.23 NOTE
r-devel-linux-x86_64-fedora-gcc 0.1.1 244.08 NOTE
r-devel-windows-ix86+x86_64 0.1.1 45.00 269.00 314.00 OK
r-patched-linux-x86_64 0.1.1 14.72 196.24 210.96 OK
r-patched-solaris-x86 0.1.1 331.60 NOTE
r-release-linux-x86_64 0.1.1 14.93 194.03 208.96 OK
r-release-windows-ix86+x86_64 0.1.1 29.00 268.00 297.00 OK
r-release-osx-x86_64 0.1.1 NOTE
r-oldrel-windows-ix86+x86_64 0.1.1 29.00 187.00 216.00 OK
r-oldrel-osx-x86_64 0.1.1 NOTE

Check Details

Version: 0.1.1
Check: dependencies in R code
Result: NOTE
    Namespaces in Imports field not imported from:
     ‘MASS’ ‘grid’
     All declared Imports should be used.
Flavors: r-devel-linux-x86_64-fedora-clang, r-devel-linux-x86_64-fedora-gcc, r-patched-solaris-x86, r-release-osx-x86_64, r-oldrel-osx-x86_64