Last updated on 2023-12-08 21:58:45 CET.
Flavor | Version | Tinstall | Tcheck | Ttotal | Status | Flags |
---|---|---|---|---|---|---|
r-devel-linux-x86_64-debian-clang | 0.2.2 | 31.62 | 460.12 | 491.74 | OK | |
r-devel-linux-x86_64-debian-gcc | 0.2.2 | 27.48 | 338.45 | 365.93 | OK | |
r-devel-linux-x86_64-fedora-clang | 0.2.2 | 589.60 | NOTE | |||
r-devel-linux-x86_64-fedora-gcc | 0.2.2 | 628.06 | OK | |||
r-devel-windows-x86_64 | 0.2.2 | 27.00 | 327.00 | 354.00 | OK | |
r-patched-linux-x86_64 | 0.2.2 | 28.43 | 451.49 | 479.92 | OK | |
r-release-linux-x86_64 | 0.2.2 | 29.66 | 442.20 | 471.86 | OK | |
r-release-macos-arm64 | 0.2.2 | 190.00 | OK | |||
r-release-macos-x86_64 | 0.2.2 | 288.00 | OK | |||
r-release-windows-x86_64 | 0.2.2 | 35.00 | 435.00 | 470.00 | OK | |
r-oldrel-macos-arm64 | 0.2.2 | 143.00 | OK | |||
r-oldrel-macos-x86_64 | 0.2.2 | 264.00 | OK | |||
r-oldrel-windows-x86_64 | 0.2.2 | 37.00 | 401.00 | 438.00 | OK |
Version: 0.2.2
Check: Rd cross-references
Result: NOTE
Undeclared packages ‘BinNonNor’, ‘PoisNor’, ‘PoisBinOrdNor’, ‘PoisBinOrdNonNor’ in Rd xrefs
Flavor: r-devel-linux-x86_64-fedora-clang