Last updated on 2019-12-11 22:51:24 CET.
Flavor | Version | Tinstall | Tcheck | Ttotal | Status | Flags |
---|---|---|---|---|---|---|
r-devel-linux-x86_64-debian-clang | 0.2.2 | 13.31 | 163.28 | 176.59 | OK | |
r-devel-linux-x86_64-debian-gcc | 0.2.2 | 11.59 | 121.08 | 132.67 | OK | |
r-devel-linux-x86_64-fedora-clang | 0.2.2 | 206.51 | OK | |||
r-devel-linux-x86_64-fedora-gcc | 0.2.2 | 205.34 | OK | |||
r-devel-windows-ix86+x86_64 | 0.2.2 | 37.00 | 251.00 | 288.00 | OK | |
r-devel-windows-ix86+x86_64-gcc8 | 0.2.2 | 22.00 | 182.00 | 204.00 | OK | |
r-patched-linux-x86_64 | 0.2.2 | 11.57 | 144.97 | 156.54 | OK | |
r-patched-solaris-x86 | 0.2.2 | 293.50 | OK | |||
r-release-linux-x86_64 | 0.2.2 | 11.11 | 144.58 | 155.69 | OK | |
r-release-windows-ix86+x86_64 | 0.2.0 | 21.00 | 160.00 | 181.00 | OK | |
r-release-osx-x86_64 | 0.2.2 | OK | ||||
r-oldrel-windows-ix86+x86_64 | 0.2.2 | 24.00 | 166.00 | 190.00 | OK | |
r-oldrel-osx-x86_64 | 0.2.2 | ERROR |
Version: 0.2.2
Check: package dependencies
Result: ERROR
Package required and available but unsuitable version: ‘methods’
See section ‘The DESCRIPTION file’ in the ‘Writing R Extensions’
manual.
Flavor: r-oldrel-osx-x86_64