CRAN Package Check Results for Package SimRVSequences

Last updated on 2019-07-23 22:48:58 CEST.

Flavor Version Tinstall Tcheck Ttotal Status Flags
r-devel-linux-x86_64-debian-clang 0.1.3 11.03 102.01 113.04 NOTE
r-devel-linux-x86_64-debian-gcc 0.1.3 9.38 81.57 90.95 NOTE
r-devel-linux-x86_64-fedora-clang 0.1.3 131.76 OK
r-devel-linux-x86_64-fedora-gcc 0.1.3 126.29 OK
r-devel-windows-ix86+x86_64 0.1.3 19.00 108.00 127.00 NOTE
r-patched-linux-x86_64 0.1.3 12.83 96.54 109.37 OK
r-patched-solaris-x86 0.1.3 208.50 OK
r-release-linux-x86_64 0.1.3 10.05 99.45 109.50 OK
r-release-windows-ix86+x86_64 0.1.3 18.00 108.00 126.00 OK
r-release-osx-x86_64 0.1.3 OK
r-oldrel-windows-ix86+x86_64 0.1.3 18.00 153.00 171.00 OK
r-oldrel-osx-x86_64 0.1.3 OK

Check Details

Version: 0.1.3
Check: package vignettes
Result: NOTE
    Package vignette with placeholder title 'Vignette Title':
     'SimRVSequences.Rmd'
Flavors: r-devel-linux-x86_64-debian-clang, r-devel-linux-x86_64-debian-gcc, r-devel-windows-ix86+x86_64