CRAN Package Check Results for Package SimilaR

Last updated on 2021-10-15 22:54:30 CEST.

Flavor Version Tinstall Tcheck Ttotal Status Flags
r-devel-linux-x86_64-debian-clang 1.0.8 92.29 32.29 124.58 OK
r-devel-linux-x86_64-debian-gcc 1.0.8 74.69 26.12 100.81 OK
r-devel-linux-x86_64-fedora-clang 1.0.8 211.86 NOTE
r-devel-linux-x86_64-fedora-gcc 1.0.8 186.49 OK
r-devel-windows-x86_64 1.0.8 111.00 49.00 160.00 OK
r-devel-windows-x86_64-gcc10-UCRT 1.0.8 OK
r-patched-linux-x86_64 1.0.8 91.97 31.75 123.72 OK
r-patched-solaris-x86 1.0.8 187.80 OK
r-release-linux-x86_64 1.0.8 89.16 31.60 120.76 OK
r-release-macos-arm64 1.0.8 NOTE
r-release-macos-x86_64 1.0.8 NOTE
r-release-windows-ix86+x86_64 1.0.8 258.00 96.00 354.00 OK
r-oldrel-macos-x86_64 1.0.8 NOTE
r-oldrel-windows-ix86+x86_64 1.0.8 253.00 98.00 351.00 OK

Check Details

Version: 1.0.8
Check: installed package size
Result: NOTE
     installed size is 5.2Mb
     sub-directories of 1Mb or more:
     libs 5.0Mb
Flavors: r-devel-linux-x86_64-fedora-clang, r-release-macos-arm64, r-release-macos-x86_64, r-oldrel-macos-x86_64