CRAN Package Check Results for Package SixSigma

Last updated on 2021-05-09 22:47:12 CEST.

Flavor Version Tinstall Tcheck Ttotal Status Flags
r-devel-linux-x86_64-debian-clang 0.9-52 7.19 81.31 88.50 NOTE
r-devel-linux-x86_64-debian-gcc 0.9-52 5.15 60.23 65.38 NOTE
r-devel-linux-x86_64-fedora-clang 0.9-52 115.29 NOTE
r-devel-linux-x86_64-fedora-gcc 0.9-52 124.10 NOTE
r-devel-windows-ix86+x86_64 0.9-52 18.00 300.00 318.00 OK
r-devel-windows-x86_64-gcc10-UCRT 0.9-52 OK
r-patched-linux-x86_64 0.9-52 6.99 77.04 84.03 NOTE
r-patched-solaris-x86 0.9-52 144.90 NOTE
r-release-linux-x86_64 0.9-52 6.11 76.33 82.44 NOTE
r-release-macos-x86_64 0.9-52 OK
r-release-windows-ix86+x86_64 0.9-52 16.00 313.00 329.00 OK
r-oldrel-macos-x86_64 0.9-52 OK
r-oldrel-windows-ix86+x86_64 0.9-52 15.00 626.00 641.00 OK

Check Details

Version: 0.9-52
Check: for non-standard things in the check directory
Result: NOTE
    Found the following files/directories:
     'helicopter.pdf'
Flavors: r-devel-linux-x86_64-debian-clang, r-devel-linux-x86_64-debian-gcc, r-devel-linux-x86_64-fedora-clang, r-devel-linux-x86_64-fedora-gcc, r-patched-linux-x86_64, r-patched-solaris-x86, r-release-linux-x86_64