Last updated on 2023-10-01 23:03:59 CEST.
Flavor | Version | Tinstall | Tcheck | Ttotal | Status | Flags |
---|---|---|---|---|---|---|
r-devel-linux-x86_64-debian-clang | 2.0-5 | 5.31 | 268.63 | 273.94 | NOTE | |
r-devel-linux-x86_64-debian-gcc | 2.0-5 | 3.76 | 202.88 | 206.64 | NOTE | |
r-devel-linux-x86_64-fedora-clang | 2.0-5 | 341.55 | NOTE | |||
r-devel-linux-x86_64-fedora-gcc | 2.0-5 | 371.53 | NOTE | |||
r-devel-windows-x86_64 | 2.0-5 | 6.00 | 390.00 | 396.00 | NOTE | |
r-patched-linux-x86_64 | 2.0-5 | 7.90 | 260.00 | 267.90 | NOTE | |
r-release-linux-x86_64 | 2.0-5 | 4.64 | 260.19 | 264.83 | NOTE | |
r-release-macos-arm64 | 2.0-5 | 129.00 | NOTE | |||
r-release-macos-x86_64 | 2.0-5 | 288.00 | NOTE | |||
r-release-windows-x86_64 | 2.0-5 | 8.00 | 403.00 | 411.00 | NOTE | |
r-oldrel-macos-arm64 | 2.0-5 | 104.00 | OK | |||
r-oldrel-macos-x86_64 | 2.0-5 | 119.00 | OK | |||
r-oldrel-windows-x86_64 | 2.0-5 | 10.00 | 398.00 | 408.00 | OK |
Version: 2.0-5
Check: Rd files
Result: NOTE
checkRd: (-1) ex0723.Rd:29: Escaped LaTeX specials: \&
checkRd: (-1) ex0915.Rd:25: Escaped LaTeX specials: \&
checkRd: (-1) ex1515.Rd:4: Escaped LaTeX specials: \&
Flavors: r-devel-linux-x86_64-debian-clang, r-devel-linux-x86_64-debian-gcc, r-devel-linux-x86_64-fedora-clang, r-devel-linux-x86_64-fedora-gcc, r-devel-windows-x86_64, r-patched-linux-x86_64, r-release-linux-x86_64, r-release-macos-arm64, r-release-macos-x86_64, r-release-windows-x86_64