CRAN Package Check Results for Package Sleuth2

Last updated on 2020-01-18 22:48:46 CET.

Flavor Version Tinstall Tcheck Ttotal Status Flags
r-devel-linux-x86_64-debian-clang 2.0-5 4.18 244.56 248.74 OK
r-devel-linux-x86_64-debian-gcc 2.0-5 3.67 182.45 186.12 OK
r-devel-linux-x86_64-fedora-clang 2.0-5 305.80 OK
r-devel-linux-x86_64-fedora-gcc 2.0-5 307.03 OK
r-devel-windows-ix86+x86_64 2.0-5 22.00 458.00 480.00 OK
r-devel-windows-ix86+x86_64-gcc8 2.0-5 14.00 361.00 375.00 OK
r-patched-linux-x86_64 2.0-5 3.90 216.43 220.33 OK
r-patched-solaris-x86 2.0-5 343.80 NOTE
r-release-linux-x86_64 2.0-5 3.53 217.15 220.68 OK
r-release-windows-ix86+x86_64 2.0-5 23.00 297.00 320.00 OK
r-release-osx-x86_64 2.0-5 OK
r-oldrel-windows-ix86+x86_64 2.0-5 18.00 250.00 268.00 OK
r-oldrel-osx-x86_64 2.0-5 OK

Check Details

Version: 2.0-5
Check: installed package size
Result: NOTE
     installed size is 5.0Mb
     sub-directories of 1Mb or more:
     doc 4.2Mb
Flavor: r-patched-solaris-x86