CRAN Package Check Results for Package Sleuth2

Last updated on 2019-08-23 22:50:10 CEST.

Flavor Version Tinstall Tcheck Ttotal Status Flags
r-devel-linux-x86_64-debian-clang 2.0-5 4.12 225.69 229.81 OK
r-devel-linux-x86_64-debian-gcc 2.0-5 OK
r-devel-linux-x86_64-fedora-clang 2.0-5 266.15 OK
r-devel-linux-x86_64-fedora-gcc 2.0-5 282.58 OK
r-devel-windows-ix86+x86_64 2.0-5 11.00 425.00 436.00 OK
r-patched-linux-x86_64 2.0-5 3.99 217.20 221.19 OK
r-patched-solaris-x86 2.0-5 340.80 NOTE
r-release-linux-x86_64 2.0-5 3.94 214.47 218.41 OK
r-release-windows-ix86+x86_64 2.0-5 15.00 425.00 440.00 OK
r-release-osx-x86_64 2.0-5 OK
r-oldrel-windows-ix86+x86_64 2.0-5 14.00 335.00 349.00 OK
r-oldrel-osx-x86_64 2.0-5 OK

Check Details

Version: 2.0-5
Check: installed package size
Result: NOTE
     installed size is 5.0Mb
     sub-directories of 1Mb or more:
     doc 4.2Mb
Flavor: r-patched-solaris-x86