Last updated on 2024-04-19 22:56:03 CEST.
Flavor | Version | Tinstall | Tcheck | Ttotal | Status | Flags |
---|---|---|---|---|---|---|
r-devel-linux-x86_64-debian-clang | 1.0-6 | 5.04 | 302.50 | 307.54 | OK | |
r-devel-linux-x86_64-debian-gcc | 1.0-6 | OK | ||||
r-devel-linux-x86_64-fedora-clang | 1.0-6 | 385.07 | NOTE | |||
r-devel-linux-x86_64-fedora-gcc | 1.0-6 | 392.48 | OK | |||
r-prerel-macos-arm64 | 1.0-6 | 120.00 | NOTE | |||
r-prerel-macos-x86_64 | 1.0-6 | 399.00 | NOTE | |||
r-prerel-windows-x86_64 | 1.0-6 | 9.00 | 447.00 | 456.00 | NOTE | |
r-patched-linux-x86_64 | 1.0-6 | 11.10 | 291.23 | 302.33 | OK | |
r-release-linux-x86_64 | 1.0-6 | 6.17 | 284.22 | 290.39 | OK | |
r-release-macos-arm64 | 1.0-6 | 138.00 | NOTE | |||
r-release-macos-x86_64 | 1.0-6 | 382.00 | NOTE | |||
r-release-windows-x86_64 | 1.0-6 | 8.00 | 707.00 | 715.00 | NOTE | |
r-oldrel-macos-arm64 | 1.0-6 | 130.00 | NOTE | |||
r-oldrel-windows-x86_64 | 1.0-6 | 11.00 | 478.00 | 489.00 | NOTE |
Version: 1.0-6
Check: installed package size
Result: NOTE
installed size is 5.8Mb
sub-directories of 1Mb or more:
doc 4.5Mb
Flavors: r-devel-linux-x86_64-fedora-clang, r-prerel-macos-arm64, r-prerel-macos-x86_64, r-prerel-windows-x86_64, r-release-macos-arm64, r-release-macos-x86_64, r-release-windows-x86_64, r-oldrel-macos-arm64, r-oldrel-windows-x86_64