CRAN Package Check Results for Package SmCCNet

Last updated on 2019-07-20 22:48:13 CEST.

Flavor Version Tinstall Tcheck Ttotal Status Flags
r-devel-linux-x86_64-debian-clang 0.99.0 3.79 30.66 34.45 OK
r-devel-linux-x86_64-debian-gcc 0.99.0 3.66 24.39 28.05 OK
r-devel-linux-x86_64-fedora-clang 0.99.0 41.43 OK
r-devel-linux-x86_64-fedora-gcc 0.99.0 41.55 OK
r-devel-windows-ix86+x86_64 0.99.0 8.00 54.00 62.00 OK
r-patched-linux-x86_64 0.99.0 4.13 30.10 34.23 OK
r-patched-solaris-x86 0.99.0 66.50 OK
r-release-linux-x86_64 0.99.0 3.37 29.71 33.08 OK
r-release-windows-ix86+x86_64 0.99.0 7.00 43.00 50.00 OK
r-release-osx-x86_64 0.99.0 ERROR
r-oldrel-windows-ix86+x86_64 0.99.0 8.00 38.00 46.00 OK
r-oldrel-osx-x86_64 0.99.0 OK

Check Details

Version: 0.99.0
Check: package dependencies
Result: ERROR
    Package required but not available: ‘PMA’
    
    See section ‘The DESCRIPTION file’ in the ‘Writing R Extensions’
    manual.
Flavor: r-release-osx-x86_64