CRAN Package Check Results for Package SmartEDA

Last updated on 2020-02-17 22:49:48 CET.

Flavor Version Tinstall Tcheck Ttotal Status Flags
r-devel-linux-x86_64-debian-clang 0.3.3 6.58 124.99 131.57 OK
r-devel-linux-x86_64-debian-gcc 0.3.3 6.25 100.99 107.24 OK
r-devel-linux-x86_64-fedora-clang 0.3.3 144.75 OK
r-devel-linux-x86_64-fedora-gcc 0.3.3 143.87 OK
r-devel-windows-ix86+x86_64 0.3.3 15.00 120.00 135.00 OK
r-devel-windows-ix86+x86_64-gcc8 0.3.3 18.00 173.00 191.00 OK
r-patched-linux-x86_64 0.3.3 6.46 106.52 112.98 OK
r-patched-solaris-x86 0.3.3 133.80 WARN
r-release-linux-x86_64 0.3.3 5.14 109.74 114.88 OK
r-release-windows-ix86+x86_64 0.3.3 13.00 110.00 123.00 OK
r-release-osx-x86_64 0.3.3 WARN
r-oldrel-windows-ix86+x86_64 0.3.3 2.00 6.00 8.00 ERROR
r-oldrel-osx-x86_64 0.3.3 ERROR

Check Details

Version: 0.3.3
Check: re-building of vignette outputs
Result: WARN
    Error(s) in re-building vignettes:
     ...
    --- re-building ‘CustomTable.Rmd’ using rmarkdown
    Warning in engine$weave(file, quiet = quiet, encoding = enc) :
     Pandoc (>= 1.12.3) and/or pandoc-citeproc not available. Falling back to R Markdown v1.
    --- finished re-building ‘CustomTable.Rmd’
    
    --- re-building ‘SmartEDA.Rmd’ using rmarkdown
    Warning in engine$weave(file, quiet = quiet, encoding = enc) :
     Pandoc (>= 1.12.3) and/or pandoc-citeproc not available. Falling back to R Markdown v1.
    Quitting from lines 132-133 (SmartEDA.Rmd)
    Error: processing vignette 'SmartEDA.Rmd' failed with diagnostics:
    unused argument (options = options)
    --- failed re-building ‘SmartEDA.Rmd’
    
    SUMMARY: processing the following file failed:
     ‘SmartEDA.Rmd’
    
    Error: Vignette re-building failed.
    Execution halted
Flavors: r-patched-solaris-x86, r-release-osx-x86_64

Version: 0.3.3
Check: whether package can be installed
Result: ERROR
    Installation failed.
Flavors: r-oldrel-windows-ix86+x86_64, r-oldrel-osx-x86_64