Last updated on 2023-10-04 00:02:00 CEST.
Flavor | Version | Tinstall | Tcheck | Ttotal | Status | Flags |
---|---|---|---|---|---|---|
r-devel-linux-x86_64-debian-clang | 1.0.1 | 59.00 | 155.76 | 214.76 | OK | |
r-devel-linux-x86_64-debian-gcc | 1.0.1 | 45.63 | 112.75 | 158.38 | OK | |
r-devel-linux-x86_64-fedora-clang | 1.0.1 | 269.64 | OK | |||
r-devel-linux-x86_64-fedora-gcc | 1.0.1 | 287.14 | OK | |||
r-devel-windows-x86_64 | 1.0.1 | 49.00 | 156.00 | 205.00 | OK | |
r-patched-linux-x86_64 | 1.0.1 | 53.51 | 146.25 | 199.76 | OK | |
r-release-linux-x86_64 | 1.0.1 | 51.23 | 144.28 | 195.51 | OK | |
r-release-macos-arm64 | 1.0.1 | 86.00 | NOTE | |||
r-release-macos-x86_64 | 1.0.1 | 132.00 | NOTE | |||
r-release-windows-x86_64 | 1.0.1 | 63.00 | 185.00 | 248.00 | OK | |
r-oldrel-macos-arm64 | 1.0.1 | 71.00 | NOTE | |||
r-oldrel-macos-x86_64 | 1.0.1 | 96.00 | NOTE | |||
r-oldrel-windows-x86_64 | 1.0.1 | 59.00 | 182.00 | 241.00 | OK |
Version: 1.0.1
Check: installed package size
Result: NOTE
installed size is 5.6Mb
sub-directories of 1Mb or more:
libs 4.7Mb
Flavors: r-release-macos-arm64, r-release-macos-x86_64, r-oldrel-macos-arm64, r-oldrel-macos-x86_64