CRAN Package Check Results for Package SongEvo

Last updated on 2021-11-28 22:51:28 CET.

Flavor Version Tinstall Tcheck Ttotal Status Flags
r-devel-linux-x86_64-debian-clang 1.0.0 OK
r-devel-linux-x86_64-debian-gcc 1.0.0 2.64 112.37 115.01 OK
r-devel-linux-x86_64-fedora-clang 1.0.0 206.87 OK
r-devel-linux-x86_64-fedora-gcc 1.0.0 185.88 OK
r-devel-windows-x86_64-new-UL 1.0.0 9.00 266.00 275.00 OK
r-devel-windows-x86_64-new-TK 1.0.0 OK
r-devel-windows-x86_64-old 1.0.0 5.00 158.00 163.00 WARN
r-patched-linux-x86_64 1.0.0 3.55 145.09 148.64 OK
r-patched-solaris-x86 1.0.0 142.40 OK
r-release-linux-x86_64 1.0.0 3.85 144.38 148.23 OK
r-release-macos-arm64 1.0.0 OK
r-release-macos-x86_64 1.0.0 OK
r-release-windows-ix86+x86_64 1.0.0 8.00 202.00 210.00 WARN
r-oldrel-macos-x86_64 1.0.0 OK
r-oldrel-windows-ix86+x86_64 1.0.0 7.00 202.00 209.00 WARN

Check Details

Version: 1.0.0
Check: re-building of vignette outputs
Result: WARN
    Error(s) in re-building vignettes:
    --- re-building 'SongEvo.Rmd' using rmarkdown
    Loading required package: lattice
    Loading required package: survival
    Loading required package: Formula
    Loading required package: ggplot2
    
    Attaching package: 'Hmisc'
    
    The following objects are masked from 'package:base':
    
     format.pval, units
    
    ! Package pdftex.def Error: File `d:/RCompile/CRANpkg/local/4.2/SongEvo.Rcheck/
    vign_test/SongEvo/vignettes/SongEvo_files/figure-latex/Examine\%20population\%2
    0size\%20over\%20time-1.pdf' not found.
    
    Error: processing vignette 'SongEvo.Rmd' failed with diagnostics:
    LaTeX failed to compile d:/RCompile/CRANpkg/local/4.2/SongEvo.Rcheck/vign_test/SongEvo/vignettes/SongEvo.tex. See https://yihui.org/tinytex/r/#debugging for debugging tips. See SongEvo.log for more info.
    --- failed re-building 'SongEvo.Rmd'
    
    SUMMARY: processing the following file failed:
     'SongEvo.Rmd'
    
    Error: Vignette re-building failed.
    Execution halted
Flavor: r-devel-windows-x86_64-old

Version: 1.0.0
Check: re-building of vignette outputs
Result: WARN
    Error(s) in re-building vignettes:
    --- re-building 'SongEvo.Rmd' using rmarkdown
    Loading required package: lattice
    Loading required package: survival
    Loading required package: Formula
    Loading required package: ggplot2
    
    Attaching package: 'Hmisc'
    
    The following objects are masked from 'package:base':
    
     format.pval, units
    
    ! Package pdftex.def Error: File `d:/RCompile/CRANpkg/local/4.1/SongEvo.Rcheck/
    vign_test/SongEvo/vignettes/SongEvo_files/figure-latex/Examine\%20population\%2
    0size\%20over\%20time-1.pdf' not found.
    
    Error: processing vignette 'SongEvo.Rmd' failed with diagnostics:
    LaTeX failed to compile d:/RCompile/CRANpkg/local/4.1/SongEvo.Rcheck/vign_test/SongEvo/vignettes/SongEvo.tex. See https://yihui.org/tinytex/r/#debugging for debugging tips. See SongEvo.log for more info.
    --- failed re-building 'SongEvo.Rmd'
    
    SUMMARY: processing the following file failed:
     'SongEvo.Rmd'
    
    Error: Vignette re-building failed.
    Execution halted
Flavor: r-release-windows-ix86+x86_64

Version: 1.0.0
Check: re-building of vignette outputs
Result: WARN
    Error(s) in re-building vignettes:
    --- re-building 'SongEvo.Rmd' using rmarkdown
    Loading required package: lattice
    Loading required package: survival
    Loading required package: Formula
    Loading required package: ggplot2
    
    Attaching package: 'Hmisc'
    
    The following objects are masked from 'package:base':
    
     format.pval, units
    
    ! Package pdftex.def Error: File `d:/RCompile/CRANpkg/local/4.0/SongEvo.Rcheck/
    vign_test/SongEvo/vignettes/SongEvo_files/figure-latex/Examine\%20population\%2
    0size\%20over\%20time-1.pdf' not found.
    
    Error: processing vignette 'SongEvo.Rmd' failed with diagnostics:
    LaTeX failed to compile d:/RCompile/CRANpkg/local/4.0/SongEvo.Rcheck/vign_test/SongEvo/vignettes/SongEvo.tex. See https://yihui.org/tinytex/r/#debugging for debugging tips. See SongEvo.log for more info.
    --- failed re-building 'SongEvo.Rmd'
    
    SUMMARY: processing the following file failed:
     'SongEvo.Rmd'
    
    Error: Vignette re-building failed.
    Execution halted
Flavor: r-oldrel-windows-ix86+x86_64