CRAN Package Check Results for Package SoupX

Last updated on 2021-10-20 23:50:26 CEST.

Flavor Version Tinstall Tcheck Ttotal Status Flags
r-devel-linux-x86_64-debian-clang 1.5.2 72.00 288.22 360.22 OK
r-devel-linux-x86_64-debian-gcc 1.5.2 63.01 220.73 283.74 OK
r-devel-linux-x86_64-fedora-clang 1.5.2 459.32 NOTE
r-devel-linux-x86_64-fedora-gcc 1.5.2 451.72 NOTE
r-devel-windows-x86_64 1.5.2 105.00 359.00 464.00 NOTE
r-devel-windows-x86_64-gcc10-UCRT 1.5.2 ERROR
r-patched-linux-x86_64 1.5.2 69.86 272.63 342.49 OK
r-patched-solaris-x86 1.5.2 495.30 NOTE
r-release-linux-x86_64 1.5.2 65.61 272.92 338.53 OK
r-release-macos-arm64 1.5.2 NOTE
r-release-macos-x86_64 1.5.2 NOTE
r-release-windows-ix86+x86_64 1.5.2 112.00 356.00 468.00 NOTE
r-oldrel-macos-x86_64 1.5.2 NOTE
r-oldrel-windows-ix86+x86_64 1.5.2 78.00 9.00 87.00 ERROR

Check Details

Version: 1.5.2
Check: package dependencies
Result: NOTE
    Package suggested but not available for checking: ‘DropletUtils’
Flavors: r-devel-linux-x86_64-fedora-clang, r-devel-linux-x86_64-fedora-gcc, r-patched-solaris-x86, r-release-macos-arm64, r-release-macos-x86_64, r-oldrel-macos-x86_64

Version: 1.5.2
Check: installed package size
Result: NOTE
     installed size is 5.9Mb
     sub-directories of 1Mb or more:
     data 3.9Mb
     doc 1.1Mb
Flavors: r-devel-linux-x86_64-fedora-clang, r-devel-windows-x86_64, r-patched-solaris-x86, r-release-macos-arm64, r-release-macos-x86_64, r-release-windows-ix86+x86_64, r-oldrel-macos-x86_64

Version: 1.5.2
Check: package dependencies
Result: ERROR
    Package required but not available: 'Seurat'
    
    See section 'The DESCRIPTION file' in the 'Writing R Extensions'
    manual.
Flavor: r-devel-windows-x86_64-gcc10-UCRT

Version: 1.5.2
Check: whether package can be installed
Result: ERROR
    Installation failed.
Flavor: r-oldrel-windows-ix86+x86_64