Last updated on 2023-09-26 23:04:26 CEST.
Flavor | Version | Tinstall | Tcheck | Ttotal | Status | Flags |
---|---|---|---|---|---|---|
r-devel-linux-x86_64-debian-clang | 1.0.1 | 11.70 | 98.03 | 109.73 | OK | |
r-devel-linux-x86_64-debian-gcc | 1.0.1 | 9.14 | 75.03 | 84.17 | OK | |
r-devel-linux-x86_64-fedora-clang | 1.0.1 | 139.52 | WARN | |||
r-devel-linux-x86_64-fedora-gcc | 1.0.1 | 141.79 | WARN | |||
r-devel-windows-x86_64 | 1.0.1 | 16.00 | 90.00 | 106.00 | OK | |
r-patched-linux-x86_64 | 1.0.1 | 10.65 | 96.86 | 107.51 | OK | |
r-release-linux-x86_64 | 1.0.1 | 12.07 | 96.07 | 108.14 | OK | |
r-release-macos-arm64 | 1.0.1 | 45.00 | OK | |||
r-release-macos-x86_64 | 1.0.1 | 73.00 | OK | |||
r-release-windows-x86_64 | 1.0.1 | 18.00 | 106.00 | 124.00 | OK | |
r-oldrel-macos-arm64 | 1.0.1 | 38.00 | OK | |||
r-oldrel-macos-x86_64 | 1.0.1 | 58.00 | OK | |||
r-oldrel-windows-x86_64 | 1.0.1 | 18.00 | 109.00 | 127.00 | OK |
Version: 1.0.1
Check: usage of KIND in Fortran files
Result: WARN
Found the following file with non-portable usage of KIND:
InverseSys.f90
For details set environment variable _R_CHECK_FORTRAN_KIND_DETAILS_ to
a true value.
Flavors: r-devel-linux-x86_64-fedora-clang, r-devel-linux-x86_64-fedora-gcc