CRAN Package Check Results for Package SpaCCr

Last updated on 2019-09-18 22:52:50 CEST.

Flavor Version Tinstall Tcheck Ttotal Status Flags
r-devel-linux-x86_64-debian-clang 0.1.0 28.17 57.24 85.41 OK
r-devel-linux-x86_64-debian-gcc 0.1.0 22.14 44.46 66.60 OK
r-devel-linux-x86_64-fedora-clang 0.1.0 112.99 NOTE
r-devel-linux-x86_64-fedora-gcc 0.1.0 108.16 NOTE
r-devel-windows-ix86+x86_64 0.1.0 71.00 159.00 230.00 OK
r-patched-linux-x86_64 0.1.0 26.58 54.77 81.35 OK
r-patched-solaris-x86 0.1.0 127.30 OK
r-release-linux-x86_64 0.1.0 26.91 54.49 81.40 OK
r-release-windows-ix86+x86_64 0.1.0 50.00 102.00 152.00 OK
r-release-osx-x86_64 0.1.0 OK
r-oldrel-windows-ix86+x86_64 0.1.0 46.00 109.00 155.00 OK
r-oldrel-osx-x86_64 0.1.0 OK

Check Details

Version: 0.1.0
Check: compiled code
Result: NOTE
    File ‘SpaCCr/libs/SpaCCr.so’:
     Found no calls to: ‘R_registerRoutines’, ‘R_useDynamicSymbols’
    
    It is good practice to register native routines and to disable symbol
    search.
    
    See ‘Writing portable packages’ in the ‘Writing R Extensions’ manual.
Flavors: r-devel-linux-x86_64-fedora-clang, r-devel-linux-x86_64-fedora-gcc