CRAN Package Check Results for Package SpaCCr

Last updated on 2020-02-24 22:50:38 CET.

Flavor Version Tinstall Tcheck Ttotal Status Flags
r-devel-linux-x86_64-debian-clang 0.1.0 33.30 73.90 107.20 OK
r-devel-linux-x86_64-debian-gcc 0.1.0 22.03 55.95 77.98 OK
r-devel-linux-x86_64-fedora-clang 0.1.0 130.82 NOTE
r-devel-linux-x86_64-fedora-gcc 0.1.0 126.03 NOTE
r-devel-windows-ix86+x86_64 0.1.0 65.00 125.00 190.00 OK
r-devel-windows-ix86+x86_64-gcc8 0.1.0 95.00 190.00 285.00 OK
r-patched-linux-x86_64 0.1.0 25.54 64.14 89.68 OK
r-patched-solaris-x86 0.1.0 145.20 OK
r-release-linux-x86_64 0.1.0 26.91 63.61 90.52 OK
r-release-windows-ix86+x86_64 0.1.0 62.00 120.00 182.00 OK
r-release-osx-x86_64 0.1.0 OK
r-oldrel-windows-ix86+x86_64 0.1.0 52.00 132.00 184.00 OK
r-oldrel-osx-x86_64 0.1.0 OK

Check Details

Version: 0.1.0
Check: compiled code
Result: NOTE
    File ‘SpaCCr/libs/SpaCCr.so’:
     Found no calls to: ‘R_registerRoutines’, ‘R_useDynamicSymbols’
    
    It is good practice to register native routines and to disable symbol
    search.
    
    See ‘Writing portable packages’ in the ‘Writing R Extensions’ manual.
Flavors: r-devel-linux-x86_64-fedora-clang, r-devel-linux-x86_64-fedora-gcc