CRAN Package Check Results for Package SpaDES.tools

Last updated on 2019-09-17 22:48:19 CEST.

Flavor Version Tinstall Tcheck Ttotal Status Flags
r-devel-linux-x86_64-debian-clang 0.3.2 47.53 351.89 399.42 OK
r-devel-linux-x86_64-debian-gcc 0.3.2 37.30 469.24 506.54 ERROR
r-devel-linux-x86_64-fedora-clang 0.3.2 454.85 OK
r-devel-linux-x86_64-fedora-gcc 0.3.2 701.28 OK
r-devel-windows-ix86+x86_64 0.3.2 136.00 505.00 641.00 OK
r-patched-linux-x86_64 0.3.2 46.18 392.97 439.15 OK
r-patched-solaris-x86 0.3.2 450.40 OK
r-release-linux-x86_64 0.3.2 41.21 415.28 456.49 OK
r-release-windows-ix86+x86_64 0.3.2 92.00 352.00 444.00 OK
r-release-osx-x86_64 0.3.2 OK
r-oldrel-windows-ix86+x86_64 0.3.2 102.00 508.00 610.00 OK
r-oldrel-osx-x86_64 0.3.2 OK

Check Details

Version: 0.3.2
Check: tests
Result: ERROR
     Running ‘test-all.R’ [327s/327s]
    Running the tests in ‘tests/test-all.R’ failed.
    Complete output:
     > library(testthat)
     > test_check("SpaDES.tools")
     Loading required package: SpaDES.tools
     ── 1. Failure: spread2 tests (@test-spread2.R#162) ────────────────────────────
     st1[1] is not strictly less than 1. Difference: 0.056
    
     [1] "Scales with number of starts, not maxSize of raster"
     ══ testthat results ═══════════════════════════════════════════════════════════
     [ OK: 1047 | SKIPPED: 11 | WARNINGS: 0 | FAILED: 1 ]
     1. Failure: spread2 tests (@test-spread2.R#162)
    
     Error: testthat unit tests failed
     Execution halted
Flavor: r-devel-linux-x86_64-debian-gcc