CRAN Package Check Results for Package SparseBiplots

Last updated on 2021-12-06 21:51:29 CET.

Flavor Version Tinstall Tcheck Ttotal Status Flags
r-devel-linux-x86_64-debian-clang 4.0.1 9.75 96.41 106.16 OK
r-devel-linux-x86_64-debian-gcc 4.0.1 8.10 73.23 81.33 OK
r-devel-linux-x86_64-fedora-clang 4.0.1 127.19 NOTE
r-devel-linux-x86_64-fedora-gcc 4.0.1 114.08 NOTE
r-devel-windows-x86_64-new-UL 4.0.1 17.00 123.00 140.00 OK
r-devel-windows-x86_64-new-TK 4.0.1 NOTE
r-devel-windows-x86_64-old 4.0.1 16.00 81.00 97.00 OK
r-patched-linux-x86_64 4.0.1 12.94 81.86 94.80 OK
r-release-linux-x86_64 4.0.1 8.37 90.97 99.34 OK
r-release-macos-arm64 4.0.1 NOTE
r-release-macos-x86_64 4.0.1 NOTE
r-release-windows-ix86+x86_64 4.0.1 23.00 105.00 128.00 OK
r-oldrel-macos-x86_64 4.0.1 NOTE
r-oldrel-windows-ix86+x86_64 4.0.1 22.00 111.00 133.00 OK

Check Details

Version: 4.0.1
Check: dependencies in R code
Result: NOTE
    Namespaces in Imports field not imported from:
     ‘gtable’ ‘rlang’ ‘testthat’
     All declared Imports should be used.
Flavors: r-devel-linux-x86_64-fedora-clang, r-devel-linux-x86_64-fedora-gcc, r-devel-windows-x86_64-new-TK, r-release-macos-arm64, r-release-macos-x86_64, r-oldrel-macos-x86_64