CRAN Package Check Results for Package SpatialBall

Last updated on 2019-09-22 22:46:59 CEST.

Flavor Version Tinstall Tcheck Ttotal Status Flags
r-devel-linux-x86_64-debian-clang 0.1.0 11.47 65.76 77.23 NOTE
r-devel-linux-x86_64-debian-gcc 0.1.0 11.15 53.69 64.84 NOTE
r-devel-linux-x86_64-fedora-clang 0.1.0 100.15 NOTE
r-devel-linux-x86_64-fedora-gcc 0.1.0 99.12 NOTE
r-devel-windows-ix86+x86_64 0.1.0 41.00 126.00 167.00 NOTE
r-patched-linux-x86_64 0.1.0 10.96 65.38 76.34 OK
r-patched-solaris-x86 0.1.0 167.50 NOTE
r-release-linux-x86_64 0.1.0 10.76 65.31 76.07 OK
r-release-windows-ix86+x86_64 0.1.0 34.00 121.00 155.00 OK
r-release-osx-x86_64 0.1.0 NOTE
r-oldrel-windows-ix86+x86_64 0.1.0 16.00 77.00 93.00 OK
r-oldrel-osx-x86_64 0.1.0 NOTE

Check Details

Version: 0.1.0
Check: package vignettes
Result: NOTE
    Package vignette with placeholder title 'Vignette Title':
     'Starting.Rmd'
Flavors: r-devel-linux-x86_64-debian-clang, r-devel-linux-x86_64-debian-gcc, r-devel-windows-ix86+x86_64

Version: 0.1.0
Check: dependencies in R code
Result: NOTE
    Namespace in Imports field not imported from: ‘lubridate’
     All declared Imports should be used.
Flavors: r-devel-linux-x86_64-fedora-clang, r-devel-linux-x86_64-fedora-gcc, r-patched-solaris-x86, r-release-osx-x86_64, r-oldrel-osx-x86_64