Last updated on 2024-04-18 22:53:01 CEST.
Flavor | Version | Tinstall | Tcheck | Ttotal | Status | Flags |
---|---|---|---|---|---|---|
r-devel-linux-x86_64-debian-clang | 1.0.0 | 168.04 | 92.19 | 260.23 | NOTE | |
r-devel-linux-x86_64-debian-gcc | 1.0.0 | 176.49 | 65.13 | 241.62 | NOTE | |
r-devel-linux-x86_64-fedora-clang | 1.0.0 | 299.08 | OK | |||
r-devel-linux-x86_64-fedora-gcc | 1.0.0 | 478.04 | OK | |||
r-prerel-macos-arm64 | 1.0.0 | 99.00 | NOTE | |||
r-prerel-windows-x86_64 | 1.0.0 | 124.00 | 107.00 | 231.00 | NOTE | |
r-patched-linux-x86_64 | 1.0.0 | 213.14 | 92.39 | 305.53 | NOTE | |
r-release-linux-x86_64 | 1.0.0 | 205.06 | 86.21 | 291.27 | NOTE | |
r-release-macos-arm64 | 1.0.0 | 107.00 | NOTE | |||
r-release-macos-x86_64 | 1.0.0 | 164.00 | NOTE | |||
r-release-windows-x86_64 | 1.0.0 | 171.00 | 139.00 | 310.00 | NOTE | |
r-oldrel-macos-arm64 | 1.0.0 | 73.00 | NOTE | |||
r-oldrel-windows-x86_64 | 1.0.0 | 159.00 | 131.00 | 290.00 | NOTE |
Version: 1.0.0
Check: package dependencies
Result: NOTE
Package suggested but not available for checking: ‘INLA’
Flavors: r-devel-linux-x86_64-debian-clang, r-devel-linux-x86_64-debian-gcc, r-prerel-macos-arm64, r-patched-linux-x86_64, r-release-linux-x86_64, r-release-macos-arm64, r-release-macos-x86_64, r-release-windows-x86_64, r-oldrel-macos-arm64, r-oldrel-windows-x86_64
Version: 1.0.0
Check: installed package size
Result: NOTE
installed size is 68.8Mb
sub-directories of 1Mb or more:
libs 67.8Mb
Flavors: r-prerel-macos-arm64, r-prerel-windows-x86_64, r-release-macos-arm64, r-release-macos-x86_64, r-release-windows-x86_64, r-oldrel-macos-arm64, r-oldrel-windows-x86_64