CRAN Package Check Results for Package SplitKnockoff

Last updated on 2021-11-30 22:54:45 CET.

Flavor Version Tinstall Tcheck Ttotal Status Flags
r-devel-linux-x86_64-debian-clang 1.0 8.93 80.59 89.52 OK
r-devel-linux-x86_64-debian-gcc 1.0 6.45 73.08 79.53 OK
r-devel-linux-x86_64-fedora-clang 1.0 124.52 NOTE
r-devel-linux-x86_64-fedora-gcc 1.0 107.69 NOTE
r-devel-windows-x86_64-new-UL 1.0 18.00 126.00 144.00 OK
r-devel-windows-x86_64-new-TK 1.0 NOTE
r-devel-windows-x86_64-old 1.0 14.00 87.00 101.00 OK
r-patched-linux-x86_64 1.0 7.19 78.39 85.58 OK
r-patched-solaris-x86 1.0 146.20 NOTE
r-release-linux-x86_64 1.0 9.14 77.06 86.20 OK
r-release-macos-arm64 1.0 NOTE
r-release-macos-x86_64 1.0 NOTE
r-release-windows-ix86+x86_64 1.0 20.00 112.00 132.00 OK
r-oldrel-macos-x86_64 1.0 NOTE
r-oldrel-windows-ix86+x86_64 1.0 12.00 84.00 96.00 OK

Check Details

Version: 1.0
Check: dependencies in R code
Result: NOTE
    Namespaces in Imports field not imported from:
     ‘RSpectra’ ‘ggplot2’ ‘latex2exp’
     All declared Imports should be used.
Flavors: r-devel-linux-x86_64-fedora-clang, r-devel-linux-x86_64-fedora-gcc, r-devel-windows-x86_64-new-TK, r-patched-solaris-x86, r-release-macos-arm64, r-release-macos-x86_64, r-oldrel-macos-x86_64