Last updated on 2023-09-21 23:03:33 CEST.
Flavor | Version | Tinstall | Tcheck | Ttotal | Status | Flags |
---|---|---|---|---|---|---|
r-devel-linux-x86_64-debian-clang | 1.0.2 | 39.65 | 44.34 | 83.99 | OK | |
r-devel-linux-x86_64-debian-gcc | 1.0.2 | 31.15 | 31.21 | 62.36 | OK | |
r-devel-linux-x86_64-fedora-clang | 1.0.2 | 119.46 | OK | |||
r-devel-linux-x86_64-fedora-gcc | 1.0.2 | 125.56 | OK | |||
r-devel-windows-x86_64 | 1.0.2 | 42.00 | 71.00 | 113.00 | NOTE | |
r-patched-linux-x86_64 | 1.0.2 | 39.87 | 42.03 | 81.90 | OK | |
r-release-linux-x86_64 | 1.0.2 | 36.83 | 42.40 | 79.23 | OK | |
r-release-macos-arm64 | 1.0.2 | 39.00 | OK | |||
r-release-macos-x86_64 | 1.0.2 | 62.00 | OK | |||
r-release-windows-x86_64 | 1.0.2 | 51.00 | 78.00 | 129.00 | NOTE | |
r-oldrel-macos-arm64 | 1.0.2 | 41.00 | OK | |||
r-oldrel-macos-x86_64 | 1.0.2 | 46.00 | OK | |||
r-oldrel-windows-x86_64 | 1.0.2 | 40.00 | 78.00 | 118.00 | OK |
Version: 1.0.2
Check: C++ specification
Result: NOTE
Specified C++11: please drop specification unless essential
Flavors: r-devel-windows-x86_64, r-release-windows-x86_64