Last updated on 2024-04-25 22:49:23 CEST.
Flavor | Version | Tinstall | Tcheck | Ttotal | Status | Flags |
---|---|---|---|---|---|---|
r-devel-linux-x86_64-debian-clang | 1.6.3 | 16.09 | 120.96 | 137.05 | NOTE | |
r-devel-linux-x86_64-debian-gcc | 1.6.3 | 11.32 | 89.26 | 100.58 | NOTE | |
r-devel-linux-x86_64-fedora-clang | 1.6.3 | 179.23 | NOTE | |||
r-devel-linux-x86_64-fedora-gcc | 1.6.3 | 170.24 | NOTE | |||
r-devel-windows-x86_64 | 1.6.3 | 14.00 | 107.00 | 121.00 | NOTE | |
r-patched-linux-x86_64 | 1.6.3 | 9.21 | 115.38 | 124.59 | NOTE | |
r-release-linux-x86_64 | 1.6.3 | 12.41 | 118.27 | 130.68 | OK | |
r-release-macos-arm64 | 1.6.3 | 49.00 | NOTE | |||
r-release-windows-x86_64 | 1.6.3 | 14.00 | 107.00 | 121.00 | NOTE | |
r-oldrel-macos-arm64 | 1.6.3 | 57.00 | OK | |||
r-oldrel-macos-x86_64 | 1.6.3 | 88.00 | OK | |||
r-oldrel-windows-x86_64 | 1.6.3 | 19.00 | 132.00 | 151.00 | OK |
Version: 1.6.3
Check: Rd files
Result: NOTE
checkRd: (-1) stamppFst.Rd:20: Lost braces
20 | \code{Fsts}{a matrix of pairwise Fst values between populations}
| ^
checkRd: (-1) stamppFst.Rd:21: Lost braces
21 | \code{Pvalues}{a matrix of p-values for each of the pairwise Fst values containined in the 'Fsts' matrix}
| ^
checkRd: (-1) stamppFst.Rd:22: Lost braces
22 | \code{Bootstraps}{a dataframe of each Fst value generated during Bootstrapping and the associated confidence intervals}
| ^
Flavors: r-devel-linux-x86_64-debian-clang, r-devel-linux-x86_64-debian-gcc, r-devel-linux-x86_64-fedora-clang, r-devel-linux-x86_64-fedora-gcc, r-devel-windows-x86_64, r-patched-linux-x86_64, r-release-macos-arm64, r-release-windows-x86_64