CRAN Package Check Results for Package StanHeaders

Last updated on 2021-05-05 22:51:51 CEST.

Flavor Version Tinstall Tcheck Ttotal Status Flags
r-devel-linux-x86_64-debian-clang 2.21.0-7 27.86 552.02 579.88 OK
r-devel-linux-x86_64-debian-gcc 2.21.0-7 18.39 367.47 385.86 OK
r-devel-linux-x86_64-fedora-clang 2.21.0-7 656.87 NOTE
r-devel-linux-x86_64-fedora-gcc 2.21.0-7 665.85 OK
r-devel-windows-ix86+x86_64 2.21.0-7 78.00 548.00 626.00 NOTE
r-devel-windows-x86_64-gcc10-UCRT 2.21.0-7 OK
r-patched-linux-x86_64 2.21.0-7 23.28 487.85 511.13 OK
r-patched-solaris-x86 2.21.0-7 1183.80 NOTE
r-release-linux-x86_64 2.21.0-7 24.17 488.90 513.07 OK
r-release-macos-x86_64 2.21.0-7 NOTE
r-release-windows-ix86+x86_64 2.21.0-7 79.00 439.00 518.00 NOTE
r-oldrel-macos-x86_64 2.21.0-7 NOTE
r-oldrel-windows-ix86+x86_64 2.21.0-7 103.00 537.00 640.00 NOTE

Check Details

Version: 2.21.0-7
Check: installed package size
Result: NOTE
     installed size is 13.9Mb
     sub-directories of 1Mb or more:
     include 10.7Mb
     lib 3.0Mb
Flavors: r-devel-linux-x86_64-fedora-clang, r-devel-windows-ix86+x86_64, r-patched-solaris-x86, r-release-macos-x86_64, r-release-windows-ix86+x86_64, r-oldrel-macos-x86_64, r-oldrel-windows-ix86+x86_64