Last updated on 2023-09-24 22:59:53 CEST.
Flavor | Version | Tinstall | Tcheck | Ttotal | Status | Flags |
---|---|---|---|---|---|---|
r-devel-linux-x86_64-debian-clang | 0.4.1 | 139.92 | 112.08 | 252.00 | NOTE | |
r-devel-linux-x86_64-debian-gcc | 0.4.1 | 98.08 | 81.88 | 179.96 | NOTE | |
r-devel-linux-x86_64-fedora-clang | 0.4.1 | 366.90 | NOTE | |||
r-devel-linux-x86_64-fedora-gcc | 0.4.1 | 361.92 | NOTE | |||
r-devel-windows-x86_64 | 0.4.1 | 110.00 | 122.00 | 232.00 | NOTE | |
r-patched-linux-x86_64 | 0.4.1 | 110.82 | 107.20 | 218.02 | NOTE | |
r-release-linux-x86_64 | 0.4.1 | 127.85 | 106.39 | 234.24 | NOTE | |
r-release-macos-arm64 | 0.4.1 | 92.00 | NOTE | |||
r-release-macos-x86_64 | 0.4.1 | 158.00 | NOTE | |||
r-release-windows-x86_64 | 0.4.1 | 145.00 | 152.00 | 297.00 | NOTE | |
r-oldrel-macos-arm64 | 0.4.1 | 82.00 | NOTE | |||
r-oldrel-macos-x86_64 | 0.4.1 | 102.00 | NOTE | |||
r-oldrel-windows-x86_64 | 0.4.1 | 135.00 | 135.00 | 270.00 | OK |
Version: 0.4.1
Check: C++ specification
Result: NOTE
Specified C++11: please drop specification unless essential
Flavors: r-devel-linux-x86_64-debian-clang, r-devel-linux-x86_64-debian-gcc, r-devel-linux-x86_64-fedora-clang, r-devel-linux-x86_64-fedora-gcc, r-devel-windows-x86_64, r-patched-linux-x86_64, r-release-linux-x86_64, r-release-macos-arm64, r-release-macos-x86_64, r-release-windows-x86_64
Version: 0.4.1
Check: installed package size
Result: NOTE
installed size is 5.5Mb
sub-directories of 1Mb or more:
libs 5.2Mb
Flavors: r-release-macos-arm64, r-release-macos-x86_64, r-oldrel-macos-arm64, r-oldrel-macos-x86_64