CRAN Package Check Results for Package StroupGLMM

Last updated on 2024-03-01 22:53:51 CET.

Flavor Version Tinstall Tcheck Ttotal Status Flags
r-devel-linux-x86_64-debian-clang 0.1.0 15.21 141.21 156.42 OK
r-devel-linux-x86_64-debian-gcc 0.1.0 13.51 107.10 120.61 OK
r-devel-linux-x86_64-fedora-clang 0.1.0 197.78 NOTE
r-devel-linux-x86_64-fedora-gcc 0.1.0 188.30 NOTE
r-devel-windows-x86_64 0.1.0 15.00 124.00 139.00 OK
r-patched-linux-x86_64 0.1.0 13.94 140.81 154.75 OK
r-release-linux-x86_64 0.1.0 14.54 139.34 153.88 OK
r-release-macos-arm64 0.1.0 61.00 OK
r-release-macos-x86_64 0.1.0 95.00 OK
r-release-windows-x86_64 0.1.0 20.00 154.00 174.00 OK
r-oldrel-macos-arm64 0.1.0 56.00 NOTE
r-oldrel-windows-x86_64 0.1.0 21.00 155.00 176.00 OK

Check Details

Version: 0.1.0
Check: dependencies in R code
Result: NOTE Namespaces in Imports field not imported from: ‘broom’ ‘car’ ‘lmerTest’ ‘pbkrtest’ All declared Imports should be used. Flavors: r-devel-linux-x86_64-fedora-clang, r-devel-linux-x86_64-fedora-gcc, r-oldrel-macos-arm64