CRAN Package Check Results for Package SunsVoc

Last updated on 2023-10-01 23:04:00 CEST.

Flavor Version Tinstall Tcheck Ttotal Status Flags
r-devel-linux-x86_64-debian-clang 0.1.2 27.21 72.40 99.61 OK
r-devel-linux-x86_64-debian-gcc 0.1.2 19.18 54.28 73.46 OK
r-devel-linux-x86_64-fedora-clang 0.1.2 119.50 NOTE
r-devel-linux-x86_64-fedora-gcc 0.1.2 134.94 NOTE
r-devel-windows-x86_64 0.1.2 27.00 78.00 105.00 OK
r-patched-linux-x86_64 0.1.2 23.56 68.51 92.07 OK
r-release-linux-x86_64 0.1.2 22.99 68.73 91.72 OK
r-release-macos-arm64 0.1.2 60.00 OK
r-release-macos-x86_64 0.1.2 80.00 OK
r-release-windows-x86_64 0.1.2 30.00 89.00 119.00 OK
r-oldrel-macos-arm64 0.1.2 54.00 NOTE
r-oldrel-macos-x86_64 0.1.2 79.00 NOTE
r-oldrel-windows-x86_64 0.1.2 30.00 91.00 121.00 OK

Check Details

Version: 0.1.2
Check: dependencies in R code
Result: NOTE
    Namespace in Imports field not imported from: ‘data.table’
     All declared Imports should be used.
Flavors: r-devel-linux-x86_64-fedora-clang, r-devel-linux-x86_64-fedora-gcc, r-oldrel-macos-arm64, r-oldrel-macos-x86_64