Last updated on 2024-04-17 23:00:12 CEST.
Flavor | Version | Tinstall | Tcheck | Ttotal | Status | Flags |
---|---|---|---|---|---|---|
r-devel-linux-x86_64-debian-clang | 1.1.0 | 5.79 | 42.15 | 47.94 | NOTE | |
r-devel-linux-x86_64-debian-gcc | 1.1.0 | 4.89 | 32.31 | 37.20 | NOTE | |
r-devel-linux-x86_64-fedora-clang | 1.1.0 | 62.41 | NOTE | |||
r-devel-linux-x86_64-fedora-gcc | 1.1.0 | 75.41 | NOTE | |||
r-prerel-macos-arm64 | 1.1.0 | 28.00 | NOTE | |||
r-prerel-windows-x86_64 | 1.1.0 | 8.00 | 57.00 | 65.00 | NOTE | |
r-patched-linux-x86_64 | 1.1.0 | 6.76 | 40.68 | 47.44 | NOTE | |
r-release-linux-x86_64 | 1.1.0 | 6.40 | 39.01 | 45.41 | OK | |
r-release-macos-arm64 | 1.1.0 | 28.00 | OK | |||
r-release-macos-x86_64 | 1.1.0 | 41.00 | OK | |||
r-release-windows-x86_64 | 1.1.0 | 10.00 | 58.00 | 68.00 | OK | |
r-oldrel-macos-arm64 | 1.1.0 | 32.00 | OK | |||
r-oldrel-windows-x86_64 | 1.1.0 | 11.00 | 63.00 | 74.00 | OK |
Version: 1.1.0
Check: Rd files
Result: NOTE
checkRd: (-1) plot.Rd:42: Lost braces; missing escapes or markup?
42 | \item{color.off}{color code; specifying the color for set(s) which are "{absent}" for an intersection.}
| ^
Flavors: r-devel-linux-x86_64-debian-clang, r-devel-linux-x86_64-debian-gcc, r-devel-linux-x86_64-fedora-clang, r-devel-linux-x86_64-fedora-gcc, r-prerel-macos-arm64, r-prerel-windows-x86_64, r-patched-linux-x86_64