CRAN Package Check Results for Package SuperLearner

Last updated on 2021-05-08 22:48:45 CEST.

Flavor Version Tinstall Tcheck Ttotal Status Flags
r-devel-linux-x86_64-debian-clang 2.0-26 5.10 486.45 491.55 NOTE
r-devel-linux-x86_64-debian-gcc 2.0-26 5.38 365.86 371.24 NOTE
r-devel-linux-x86_64-fedora-clang 2.0-26 604.65 NOTE
r-devel-linux-x86_64-fedora-gcc 2.0-26 598.82 NOTE
r-devel-windows-ix86+x86_64 2.0-26 11.00 568.00 579.00 NOTE
r-devel-windows-x86_64-gcc10-UCRT 2.0-26 NOTE
r-patched-linux-x86_64 2.0-26 9.28 463.15 472.43 NOTE
r-patched-solaris-x86 2.0-26 1016.30 NOTE
r-release-linux-x86_64 2.0-26 6.49 462.57 469.06 NOTE
r-release-macos-x86_64 2.0-26 NOTE
r-release-windows-ix86+x86_64 2.0-26 10.00 476.00 486.00 NOTE
r-oldrel-macos-x86_64 2.0-26 NOTE
r-oldrel-windows-ix86+x86_64 2.0-26 10.00 581.00 591.00 NOTE

Check Details

Version: 2.0-26
Check: dependencies in R code
Result: NOTE
    'library' or 'require' call to 'gam' in package code.
     Please use :: or requireNamespace() instead.
     See section 'Suggested packages' in the 'Writing R Extensions' manual.
Flavors: r-devel-linux-x86_64-debian-clang, r-devel-linux-x86_64-debian-gcc, r-devel-linux-x86_64-fedora-clang, r-devel-linux-x86_64-fedora-gcc, r-devel-windows-ix86+x86_64, r-devel-windows-x86_64-gcc10-UCRT, r-patched-linux-x86_64, r-patched-solaris-x86, r-release-linux-x86_64, r-release-macos-x86_64, r-release-windows-ix86+x86_64, r-oldrel-macos-x86_64, r-oldrel-windows-ix86+x86_64