Last updated on 2024-04-17 23:00:13 CEST.
Flavor | Version | Tinstall | Tcheck | Ttotal | Status | Flags |
---|---|---|---|---|---|---|
r-devel-linux-x86_64-debian-clang | 3.2.5 | 54.85 | 671.85 | 726.70 | OK | |
r-devel-linux-x86_64-debian-gcc | 3.2.5 | 45.65 | 455.11 | 500.76 | OK | |
r-devel-linux-x86_64-fedora-clang | 3.2.5 | 856.19 | NOTE | |||
r-devel-linux-x86_64-fedora-gcc | 3.2.5 | 844.62 | OK | |||
r-prerel-macos-arm64 | 3.2.5 | 191.00 | OK | |||
r-prerel-macos-x86_64 | 3.2.5 | 233.00 | OK | |||
r-prerel-windows-x86_64 | 3.2.5 | 43.00 | 509.00 | 552.00 | OK | |
r-patched-linux-x86_64 | 3.2.5 | 64.20 | 616.27 | 680.47 | OK | |
r-release-linux-x86_64 | 3.2.5 | 48.87 | 603.33 | 652.20 | OK | |
r-release-macos-arm64 | 3.2.5 | 131.00 | OK | |||
r-release-macos-x86_64 | 3.2.5 | 235.00 | OK | |||
r-release-windows-x86_64 | 3.2.5 | 60.00 | 575.00 | 635.00 | OK | |
r-oldrel-macos-arm64 | 3.2.5 | 120.00 | OK | |||
r-oldrel-windows-x86_64 | 3.2.5 | 63.00 | 517.00 | 580.00 | OK |
Version: 3.2.5
Check: package dependencies
Result: NOTE
Imports includes 22 non-default packages.
Importing from so many packages makes the package vulnerable to any of
them becoming unavailable. Move as many as possible to Suggests and
use conditionally.
Flavor: r-devel-linux-x86_64-fedora-clang