CRAN Package Check Results for Package SvyNom

Last updated on 2019-12-11 22:51:25 CET.

Flavor Version Tinstall Tcheck Ttotal Status Flags
r-devel-linux-x86_64-debian-clang 1.1 11.04 104.22 115.26 NOTE
r-devel-linux-x86_64-debian-gcc 1.1 10.11 80.33 90.44 NOTE
r-devel-linux-x86_64-fedora-clang 1.1 138.71 NOTE
r-devel-linux-x86_64-fedora-gcc 1.1 135.29 NOTE
r-devel-windows-ix86+x86_64 1.1 29.00 162.00 191.00 NOTE
r-devel-windows-ix86+x86_64-gcc8 1.1 27.00 165.00 192.00 NOTE
r-patched-linux-x86_64 1.1 8.44 90.82 99.26 NOTE
r-patched-solaris-x86 1.1 194.30 NOTE
r-release-linux-x86_64 1.1 10.45 91.49 101.94 NOTE
r-release-windows-ix86+x86_64 1.1 25.00 106.00 131.00 NOTE
r-release-osx-x86_64 1.1 NOTE
r-oldrel-windows-ix86+x86_64 1.1 14.00 102.00 116.00 NOTE
r-oldrel-osx-x86_64 1.1 NOTE

Check Details

Version: 1.1
Check: R code for possible problems
Result: NOTE
    svycox.calibrate: no visible global function definition for 'quantile'
    svycox.calibrate: no visible binding for global variable 'median'
    svycox.calibrate: no visible global function definition for
     'as.formula'
    svycox.calibrate: no visible global function definition for 'plot'
    svycox.calibrate: no visible global function definition for 'arrows'
    svycox.calibrate: no visible global function definition for 'abline'
    svycox.nomogram: no visible global function definition for 'predict'
    svycox.nomogram: no visible global function definition for 'as.formula'
    svycox.validate : internal.validate.func: no visible global function
     definition for 'as.formula'
    svycox.validate : internal.validate.func: no visible global function
     definition for 'formula'
    Undefined global functions or variables:
     abline arrows as.formula formula median plot predict quantile
    Consider adding
     importFrom("graphics", "abline", "arrows", "plot")
     importFrom("stats", "as.formula", "formula", "median", "predict",
     "quantile")
    to your NAMESPACE file.
Flavors: r-devel-linux-x86_64-debian-clang, r-devel-linux-x86_64-debian-gcc, r-devel-linux-x86_64-fedora-clang, r-devel-linux-x86_64-fedora-gcc, r-devel-windows-ix86+x86_64, r-devel-windows-ix86+x86_64-gcc8, r-patched-linux-x86_64, r-patched-solaris-x86, r-release-linux-x86_64, r-release-windows-ix86+x86_64, r-release-osx-x86_64, r-oldrel-windows-ix86+x86_64, r-oldrel-osx-x86_64