CRAN Package Check Results for Package SymbolicDeterminants

Last updated on 2021-09-23 22:56:10 CEST.

Flavor Version Tinstall Tcheck Ttotal Status Flags
r-devel-linux-x86_64-debian-clang 2.0.0 3.31 33.85 37.16 NOTE
r-devel-linux-x86_64-debian-gcc 2.0.0 2.82 26.60 29.42 NOTE
r-devel-linux-x86_64-fedora-clang 2.0.0 54.78 NOTE
r-devel-linux-x86_64-fedora-gcc 2.0.0 43.46 NOTE
r-devel-windows-x86_64 2.0.0 4.00 41.00 45.00 NOTE
r-devel-windows-x86_64-gcc10-UCRT 2.0.0 NOTE
r-patched-linux-x86_64 2.0.0 3.32 32.33 35.65 NOTE
r-patched-solaris-x86 2.0.0 62.50 NOTE
r-release-linux-x86_64 2.0.0 2.98 33.04 36.02 NOTE
r-release-macos-arm64 2.0.0 NOTE
r-release-macos-x86_64 2.0.0 NOTE
r-release-windows-ix86+x86_64 2.0.0 8.00 49.00 57.00 NOTE
r-oldrel-macos-x86_64 2.0.0 OK
r-oldrel-windows-ix86+x86_64 2.0.0 28.00 36.00 64.00 OK

Check Details

Version: 2.0.0
Check: LazyData
Result: NOTE
     'LazyData' is specified without a 'data' directory
Flavors: r-devel-linux-x86_64-debian-clang, r-devel-linux-x86_64-debian-gcc, r-devel-linux-x86_64-fedora-clang, r-devel-linux-x86_64-fedora-gcc, r-devel-windows-x86_64, r-devel-windows-x86_64-gcc10-UCRT, r-patched-linux-x86_64, r-patched-solaris-x86, r-release-linux-x86_64, r-release-macos-arm64, r-release-macos-x86_64, r-release-windows-ix86+x86_64