Last updated on 2024-03-27 22:58:01 CET.
Flavor | Version | Tinstall | Tcheck | Ttotal | Status | Flags |
---|---|---|---|---|---|---|
r-devel-linux-x86_64-debian-clang | 2.0.0 | 4.15 | 34.37 | 38.52 | NOTE | |
r-devel-linux-x86_64-debian-gcc | 2.0.0 | 3.09 | 26.51 | 29.60 | NOTE | |
r-devel-linux-x86_64-fedora-clang | 2.0.0 | 48.84 | NOTE | |||
r-devel-linux-x86_64-fedora-gcc | 2.0.0 | 59.27 | NOTE | |||
r-devel-windows-x86_64 | 2.0.0 | 4.00 | 48.00 | 52.00 | NOTE | |
r-patched-linux-x86_64 | 2.0.0 | 3.61 | 32.03 | 35.64 | NOTE | |
r-release-linux-x86_64 | 2.0.0 | 3.94 | 31.40 | 35.34 | NOTE | |
r-release-macos-arm64 | 2.0.0 | 23.00 | NOTE | |||
r-release-macos-x86_64 | 2.0.0 | 43.00 | NOTE | |||
r-release-windows-x86_64 | 2.0.0 | 4.00 | 50.00 | 54.00 | NOTE | |
r-oldrel-macos-arm64 | 2.0.0 | 19.00 | NOTE | |||
r-oldrel-windows-x86_64 | 2.0.0 | 6.00 | 57.00 | 63.00 | NOTE |
Version: 2.0.0
Check: LazyData
Result: NOTE
'LazyData' is specified without a 'data' directory
Flavors: r-devel-linux-x86_64-debian-clang, r-devel-linux-x86_64-debian-gcc, r-devel-linux-x86_64-fedora-clang, r-devel-linux-x86_64-fedora-gcc, r-devel-windows-x86_64, r-patched-linux-x86_64, r-release-linux-x86_64, r-release-macos-arm64, r-release-macos-x86_64, r-release-windows-x86_64, r-oldrel-macos-arm64, r-oldrel-windows-x86_64