Last updated on 2023-09-26 23:04:27 CEST.
Flavor | Version | Tinstall | Tcheck | Ttotal | Status | Flags |
---|---|---|---|---|---|---|
r-devel-linux-x86_64-debian-clang | 0.1.0 | 5.24 | 171.69 | 176.93 | OK | |
r-devel-linux-x86_64-debian-gcc | 0.1.0 | 4.43 | 130.30 | 134.73 | OK | |
r-devel-linux-x86_64-fedora-clang | 0.1.0 | 211.05 | NOTE | |||
r-devel-linux-x86_64-fedora-gcc | 0.1.0 | 247.23 | NOTE | |||
r-devel-windows-x86_64 | 0.1.0 | 6.00 | 189.00 | 195.00 | OK | |
r-patched-linux-x86_64 | 0.1.0 | 4.70 | 137.60 | 142.30 | OK | |
r-release-linux-x86_64 | 0.1.0 | 5.03 | 164.43 | 169.46 | OK | |
r-release-macos-arm64 | 0.1.0 | 92.00 | OK | |||
r-release-macos-x86_64 | 0.1.0 | 143.00 | OK | |||
r-release-windows-x86_64 | 0.1.0 | 8.00 | 215.00 | 223.00 | OK | |
r-oldrel-macos-arm64 | 0.1.0 | 97.00 | NOTE | |||
r-oldrel-macos-x86_64 | 0.1.0 | 98.00 | NOTE | |||
r-oldrel-windows-x86_64 | 0.1.0 | 9.00 | 214.00 | 223.00 | OK |
Version: 0.1.0
Check: dependencies in R code
Result: NOTE
Namespaces in Imports field not imported from:
‘MASS’ ‘StackImpute’ ‘arm’ ‘boot’ ‘broom’ ‘knitr’ ‘mvtnorm’
‘randomForest’
All declared Imports should be used.
Flavors: r-devel-linux-x86_64-fedora-clang, r-devel-linux-x86_64-fedora-gcc, r-oldrel-macos-arm64, r-oldrel-macos-x86_64