CRAN Package Check Results for Package SystemicR

Last updated on 2021-10-22 22:56:49 CEST.

Flavor Version Tinstall Tcheck Ttotal Status Flags
r-devel-linux-x86_64-debian-clang 0.1.0 3.32 25.73 29.05 OK
r-devel-linux-x86_64-debian-gcc 0.1.0 3.04 20.42 23.46 OK
r-devel-linux-x86_64-fedora-clang 0.1.0 46.29 OK
r-devel-linux-x86_64-fedora-gcc 0.1.0 35.33 OK
r-devel-windows-x86_64 0.1.0 7.00 46.00 53.00 OK
r-devel-windows-x86_64-gcc10-UCRT 0.1.0 ERROR
r-patched-linux-x86_64 0.1.0 3.45 25.38 28.83 OK
r-patched-solaris-x86 0.1.0 56.40 OK
r-release-linux-x86_64 0.1.0 3.41 25.19 28.60 OK
r-release-macos-arm64 0.1.0 OK
r-release-macos-x86_64 0.1.0 OK
r-release-windows-ix86+x86_64 0.1.0 5.00 38.00 43.00 OK
r-oldrel-macos-x86_64 0.1.0 OK
r-oldrel-windows-ix86+x86_64 0.1.0 9.00 43.00 52.00 OK

Check Details

Version: 0.1.0
Check: package dependencies
Result: ERROR
    Package required but not available: 'igraph'
    
    See section 'The DESCRIPTION file' in the 'Writing R Extensions'
    manual.
Flavor: r-devel-windows-x86_64-gcc10-UCRT