Last updated on 2023-12-03 22:57:23 CET.
Flavor | Version | Tinstall | Tcheck | Ttotal | Status | Flags |
---|---|---|---|---|---|---|
r-devel-linux-x86_64-debian-clang | 0.1.2 | 255.43 | 209.23 | 464.66 | NOTE | |
r-devel-linux-x86_64-debian-gcc | 0.1.2 | 168.44 | 155.13 | 323.57 | NOTE | |
r-devel-linux-x86_64-fedora-clang | 0.1.2 | 657.36 | NOTE | |||
r-devel-linux-x86_64-fedora-gcc | 0.1.2 | 664.60 | NOTE | |||
r-devel-windows-x86_64 | 0.1.2 | 181.00 | 226.00 | 407.00 | NOTE | |
r-patched-linux-x86_64 | 0.1.2 | 171.09 | 200.63 | 371.72 | NOTE | |
r-release-linux-x86_64 | 0.1.2 | 170.18 | 199.17 | 369.35 | NOTE | |
r-release-macos-arm64 | 0.1.2 | 147.00 | NOTE | |||
r-release-macos-x86_64 | 0.1.2 | 260.00 | NOTE | |||
r-release-windows-x86_64 | 0.1.2 | 229.00 | 411.00 | 640.00 | NOTE | |
r-oldrel-macos-arm64 | 0.1.2 | 134.00 | NOTE | |||
r-oldrel-macos-x86_64 | 0.1.2 | 210.00 | NOTE | |||
r-oldrel-windows-x86_64 | 0.1.2 | 223.00 | 253.00 | 476.00 | OK |
Version: 0.1.2
Check: C++ specification
Result: NOTE
Specified C++11: please drop specification unless essential
Flavors: r-devel-linux-x86_64-debian-clang, r-devel-linux-x86_64-debian-gcc, r-devel-linux-x86_64-fedora-clang, r-devel-linux-x86_64-fedora-gcc, r-devel-windows-x86_64, r-patched-linux-x86_64, r-release-linux-x86_64, r-release-macos-arm64, r-release-macos-x86_64, r-release-windows-x86_64
Version: 0.1.2
Check: Rd cross-references
Result: NOTE
Undeclared package ‘HSAUR3’ in Rd xrefs
Flavor: r-devel-linux-x86_64-fedora-clang
Version: 0.1.2
Check: installed package size
Result: NOTE
installed size is 12.0Mb
sub-directories of 1Mb or more:
libs 11.6Mb
Flavors: r-release-macos-arm64, r-release-macos-x86_64, r-oldrel-macos-arm64, r-oldrel-macos-x86_64